{"id":173,"date":"2023-03-27T14:57:11","date_gmt":"2023-03-27T14:57:11","guid":{"rendered":"http:\/\/localhost\/wordpress\/?page_id=173"},"modified":"2026-03-19T17:04:13","modified_gmt":"2026-03-19T17:04:13","slug":"sportangebot","status":"publish","type":"page","link":"https:\/\/sportverein-hausen.de\/index.php\/sportangebot\/","title":{"rendered":"Sportangebot"},"content":{"rendered":"\n<h2 class=\"wp-block-heading\">Eine echt <strong>sportliche<\/strong> Leistung.<\/h2>\n\n\n\n<p><br>Als Ausschuss sind wir f\u00fcr die Aktivit\u00e4ten und Geschicke unseres Sportvereins verantwortlich. <br>Unser Ziel ist es, das <strong>lebendige<\/strong> und aktive Vereinsleben zu erhalten und auszubauen. <br>Der Grundstein daf\u00fcr sind unsere <strong>vielen<\/strong> Angebote in den Bereichen <strong>Handball, Kinderturnen, Gymnastik, Fitness und Freizeitsport.<\/strong><br>Dar\u00fcber hinaus bieten wir mit verschiedenen Festen, Ausfahrten und Aktivit\u00e4ten rund um den Sport ein <strong>buntes<\/strong> Jahresprogramm f\u00fcr alle Mitglieder und Freunde des Vereins.<\/p>\n\n\n\n<h2 class=\"wp-block-heading\">Das ist unser ganzer Stolz<\/h2>\n\n\n\n<div class=\"wp-block-columns has-nv-light-bg-background-color has-background is-layout-flex wp-container-core-columns-is-layout-9d6595d7 wp-block-columns-is-layout-flex\">\n<div class=\"wp-block-column is-layout-flow wp-block-column-is-layout-flow\" id=\"Grundschulturnen\"><div class=\"wp-block-image\">\n<figure class=\"aligncenter size-large\" id=\"Zwergenturnen\"><a href=\"\/index.php\/Zwergenturnen\/\" rel=\"Das Zwergenturnen ist ein Angebot f\u00fcr unsere kleinsten Vereinsmitglieder. Kinder im Alter von 1-3 Jahren d\u00fcrfen sich hier in Begleitung eines Erwachsenen nach Herzenslust ausprobieren. Nach einem Begr\u00fc\u00dfungslied bauen wir zusammen verschiedene Ger\u00e4te auf. Es wird geklettert, gesprungen und gerutscht. Au\u00dferdem gibt es B\u00e4lle, T\u00fccher und andere kleine Spielsachen. Die Kinder d\u00fcrfen selbst entscheiden, wo sie am liebsten ihre Zeit verbringen. Auch Fahrzeugtage sind wieder m\u00f6glich und die Kinder d\u00fcrfen auf ihren mitgebrachten Fahrzeugen durch die Halle flitzen. Wir freuen uns auf Euch! Vielen Dank an Vera Ketterer &amp; Susan Burkard, die in den letzten Jahren die Leitung \u00fcbernommen hatten!\"><img decoding=\"async\" src=\"\/wp-content\/uploads\/2023\/04\/1280-zwergenturnen23.jpg\" alt=\"\"\/><\/a><figcaption class=\"wp-element-caption\">Zwergenturnen f\u00fcr Kinder von 1-3 Jahren<br>(mit Begleitperson)<\/figcaption><\/figure>\n<\/div><\/div>\n\n\n\n<div class=\"wp-block-column is-layout-flow wp-block-column-is-layout-flow\"><div class=\"wp-block-image is-style-default\">\n<figure class=\"aligncenter size-large\" id=\"Vorschulturnen\"><a href=\"\/index.php\/Wirbelkinder\"><img decoding=\"async\" src=\"\/wp-content\/uploads\/2023\/04\/1280-kids-1.png\" alt=\"\"\/><\/a><figcaption class=\"wp-element-caption\">Wirbelkinder f\u00fcr Kinder von <br>3-4 Jahren<br>(ohne Begleitperson)<\/figcaption><\/figure>\n<\/div><\/div>\n\n\n\n<div class=\"wp-block-column is-layout-flow wp-block-column-is-layout-flow\"><div class=\"wp-block-image\">\n<figure class=\"aligncenter size-large\" id=\"Vorschulturnen\"><a href=\"\/index.php\/vorschulturnen\/\"><img decoding=\"async\" src=\"\/wp-content\/uploads\/2023\/04\/1280-kids-1.png\" alt=\"\"\/><\/a><figcaption class=\"wp-element-caption\">Vorschulturnen f\u00fcr Kinder von 3-5 Jahren<br><\/figcaption><\/figure>\n<\/div><\/div>\n<\/div>\n\n\n\n<div class=\"wp-block-columns has-nv-light-bg-background-color has-background is-layout-flex wp-container-core-columns-is-layout-9d6595d7 wp-block-columns-is-layout-flex\">\n<div class=\"wp-block-column is-layout-flow wp-block-column-is-layout-flow\">\n<figure class=\"wp-block-image size-full\" id=\"Grundschulturnen\"><a href=\"https:\/\/sportverein-hausen.de\/index.php\/grundschulturnen-2\/\"><img loading=\"lazy\" decoding=\"async\" width=\"980\" height=\"534\" src=\"https:\/\/sportverein-hausen.de\/wp-content\/uploads\/2024\/10\/grimmi-1.jpg\" alt=\"\" class=\"wp-image-1888\" srcset=\"https:\/\/sportverein-hausen.de\/wp-content\/uploads\/2024\/10\/grimmi-1.jpg 980w, https:\/\/sportverein-hausen.de\/wp-content\/uploads\/2024\/10\/grimmi-1-800x436.jpg 800w, https:\/\/sportverein-hausen.de\/wp-content\/uploads\/2024\/10\/grimmi-1-400x218.jpg 400w, https:\/\/sportverein-hausen.de\/wp-content\/uploads\/2024\/10\/grimmi-1-768x418.jpg 768w\" sizes=\"auto, (max-width: 980px) 100vw, 980px\" \/><\/a><figcaption class=\"wp-element-caption\">Grundschulturnen \/ Grimmiturnen f\u00fcr Kinder von<br>6-10 Jahren<\/figcaption><\/figure>\n<\/div>\n\n\n\n<div class=\"wp-block-column is-layout-flow wp-block-column-is-layout-flow\">\n<figure class=\"wp-block-image size-full\" id=\"Grundschulturnen\"><a href=\"https:\/\/sportverein-hausen.de\/index.php\/the-crazy-ds\/\"><img loading=\"lazy\" decoding=\"async\" width=\"533\" height=\"361\" src=\"https:\/\/sportverein-hausen.de\/wp-content\/uploads\/2025\/09\/image-the-crazy-ds.jpeg\" alt=\"\" class=\"wp-image-2545\" style=\"aspect-ratio:16\/9;object-fit:cover\" srcset=\"https:\/\/sportverein-hausen.de\/wp-content\/uploads\/2025\/09\/image-the-crazy-ds.jpeg 533w, https:\/\/sportverein-hausen.de\/wp-content\/uploads\/2025\/09\/image-the-crazy-ds-400x271.jpeg 400w\" sizes=\"auto, (max-width: 533px) 100vw, 533px\" \/><\/a><figcaption class=\"wp-element-caption\">THE CRAZY D&#8217;S<br>12-16 Jahren<br><\/figcaption><\/figure>\n<\/div>\n\n\n\n<div class=\"wp-block-column is-layout-flow wp-block-column-is-layout-flow\">\n<figure class=\"wp-block-image size-full\" id=\"Grundschulturnen\"><a href=\"https:\/\/sportverein-hausen.de\/index.php\/tanzgruppe-fuer-frauen\/\"><img loading=\"lazy\" decoding=\"async\" width=\"980\" height=\"534\" src=\"https:\/\/sportverein-hausen.de\/wp-content\/uploads\/2025\/09\/tanz-frauen-1.jpg\" alt=\"\" class=\"wp-image-2555\" srcset=\"https:\/\/sportverein-hausen.de\/wp-content\/uploads\/2025\/09\/tanz-frauen-1.jpg 980w, https:\/\/sportverein-hausen.de\/wp-content\/uploads\/2025\/09\/tanz-frauen-1-800x436.jpg 800w, https:\/\/sportverein-hausen.de\/wp-content\/uploads\/2025\/09\/tanz-frauen-1-400x218.jpg 400w, https:\/\/sportverein-hausen.de\/wp-content\/uploads\/2025\/09\/tanz-frauen-1-768x418.jpg 768w\" sizes=\"auto, (max-width: 980px) 100vw, 980px\" \/><\/a><figcaption class=\"wp-element-caption\">Tanzgruppe f\u00fcr Frauen<br><\/figcaption><\/figure>\n<\/div>\n<\/div>\n\n\n\n<div class=\"wp-block-columns has-nv-light-bg-background-color has-background is-layout-flex wp-container-core-columns-is-layout-9d6595d7 wp-block-columns-is-layout-flex\">\n<div class=\"wp-block-column is-layout-flow wp-block-column-is-layout-flow\">\n<figure class=\"wp-block-gallery has-nested-images columns-default is-cropped wp-block-gallery-1 is-layout-flex wp-block-gallery-is-layout-flex\">\n<figure class=\"wp-block-image size-full\" id=\"Dancing\"><a href=\"https:\/\/sportverein-hausen.de\/index.php\/minikidsdance\/\"><img loading=\"lazy\" decoding=\"async\" width=\"520\" height=\"312\" data-id=\"2532\" src=\"https:\/\/sportverein-hausen.de\/wp-content\/uploads\/2025\/09\/Bildschirmfoto_21-5-2025_171034_.jpeg\" alt=\"\" class=\"wp-image-2532\" srcset=\"https:\/\/sportverein-hausen.de\/wp-content\/uploads\/2025\/09\/Bildschirmfoto_21-5-2025_171034_.jpeg 520w, https:\/\/sportverein-hausen.de\/wp-content\/uploads\/2025\/09\/Bildschirmfoto_21-5-2025_171034_-400x240.jpeg 400w\" sizes=\"auto, (max-width: 520px) 100vw, 520px\" \/><\/a><\/figure>\n<figcaption class=\"blocks-gallery-caption wp-element-caption\">MiniKidsDance<\/figcaption><\/figure>\n<\/div>\n\n\n\n<div class=\"wp-block-column is-layout-flow wp-block-column-is-layout-flow\">\n<figure class=\"wp-block-image size-large\" id=\"Zumba\"><a href=\"\/index.php\/zumba-r-fitness\/\"><img decoding=\"async\" src=\"\/wp-content\/uploads\/2023\/04\/1280-zumba-1.jpg\" alt=\"\"\/><\/a><figcaption class=\"wp-element-caption\">Zumba(R)fitness<\/figcaption><\/figure>\n<\/div>\n\n\n\n<div class=\"wp-block-column is-layout-flow wp-block-column-is-layout-flow\">\n<figure class=\"wp-block-image size-large\" id=\"Pilates\"><a href=\"\/index.php\/pilates-i-ii\/\"><img decoding=\"async\" src=\"\/wp-content\/uploads\/2023\/04\/1280-pilates-21.jpg\" alt=\"\"\/><\/a><figcaption class=\"wp-element-caption\">Pilates I + II<\/figcaption><\/figure>\n<\/div>\n<\/div>\n\n\n\n<div class=\"wp-block-columns has-nv-light-bg-background-color has-background is-layout-flex wp-container-core-columns-is-layout-9d6595d7 wp-block-columns-is-layout-flex\">\n<div class=\"wp-block-column is-layout-flow wp-block-column-is-layout-flow\">\n<figure class=\"wp-block-image size-large\" id=\"Funktionsgymnastik\"><a href=\"https:\/\/sportverein-hausen.de\/index.php\/funktionsgymnastik-streching\/\"><img decoding=\"async\" src=\"\/wp-content\/uploads\/2023\/04\/1280-stretch-1.jpg\" alt=\"\"\/><\/a><figcaption class=\"wp-element-caption\">Funktionsgymnastik \/ Stretching<br>!! Ab 15.04.2026 !!<\/figcaption><\/figure>\n<\/div>\n\n\n\n<div class=\"wp-block-column is-layout-flow wp-block-column-is-layout-flow\">\n<figure class=\"wp-block-image size-large\" id=\"Frauengymnastik\"><a href=\"https:\/\/sportverein-hausen.de\/index.php\/frauengymnastik-i-ii\/\"><img decoding=\"async\" src=\"\/wp-content\/uploads\/2023\/04\/1280-senioren-2.jpg\" alt=\"\"\/><\/a><figcaption class=\"wp-element-caption\">Frauengymnastik I + II<\/figcaption><\/figure>\n<\/div>\n\n\n\n<div class=\"wp-block-column is-layout-flow wp-block-column-is-layout-flow\" id=\"seniorengymnastik-frauen\">\n<figure class=\"wp-block-image size-large\" id=\"Seniorengymnastik-Frauen\"><a href=\"\/index.php\/seniorengymnastik-frauen\/\"><img decoding=\"async\" src=\"\/wp-content\/uploads\/2023\/04\/1280-gym.jpg\" alt=\"\"\/><\/a><figcaption class=\"wp-element-caption\">Seniorengymnastik Frauen<\/figcaption><\/figure>\n<\/div>\n<\/div>\n\n\n\n<div class=\"wp-block-columns has-nv-light-bg-background-color has-background is-layout-flex wp-container-core-columns-is-layout-9d6595d7 wp-block-columns-is-layout-flex\">\n<div class=\"wp-block-column is-layout-flow wp-block-column-is-layout-flow\">\n<figure class=\"wp-block-image size-large\" id=\"seniorengymnastik-m\u00e4nner\"><a href=\"\/index.php\/seniorengymnastik-maenner\/\"><img decoding=\"async\" src=\"\/wp-content\/uploads\/2023\/04\/1280-senioren.jpg\" alt=\"\"\/><\/a><figcaption class=\"wp-element-caption\">Seniorengymnastik M\u00e4nner<\/figcaption><\/figure>\n<\/div>\n\n\n\n<div class=\"wp-block-column is-layout-flow wp-block-column-is-layout-flow\">\n<figure class=\"wp-block-image size-large\" id=\"Volleyball\"><a href=\"\/index.php\/volleyball\/\"><img decoding=\"async\" src=\"\/wp-content\/uploads\/2023\/04\/1280-volleyball-1.jpg\" alt=\"\"\/><\/a><figcaption class=\"wp-element-caption\">Volleyball<\/figcaption><\/figure>\n<\/div>\n\n\n\n<div class=\"wp-block-column is-layout-flow wp-block-column-is-layout-flow\">\n<figure class=\"wp-block-image size-large\" id=\"Boule\"><a href=\"\/index.php\/boule\/\"><img decoding=\"async\" src=\"\/wp-content\/uploads\/2023\/04\/1280-boule.jpg\" alt=\"\"\/><\/a><figcaption class=\"wp-element-caption\">Boule<\/figcaption><\/figure>\n<\/div>\n<\/div>\n\n\n\n<div class=\"wp-block-columns has-nv-light-bg-background-color has-background is-layout-flex wp-container-core-columns-is-layout-9d6595d7 wp-block-columns-is-layout-flex\">\n<div class=\"wp-block-column is-layout-flow wp-block-column-is-layout-flow\">\n<figure class=\"wp-block-image size-large\" id=\"NordicWalking\"><a href=\"\/index.php\/nordic-walking\/\"><img decoding=\"async\" src=\"\/wp-content\/uploads\/2023\/04\/1280-nordic.jpg\" alt=\"\"\/><\/a><figcaption class=\"wp-element-caption\">Nordic Walking<\/figcaption><\/figure>\n<\/div>\n\n\n\n<div class=\"wp-block-column is-layout-flow wp-block-column-is-layout-flow\">\n<figure class=\"wp-block-image size-large\" id=\"HandballSchiedsrichter\"><a href=\"\/index.php\/handball-schiedsrichter\/\"><img decoding=\"async\" src=\"\/wp-content\/uploads\/2023\/04\/1280-schiedsrichter.jpg\" alt=\"\"\/><\/a><figcaption class=\"wp-element-caption\">Handball Schiedsrichter<\/figcaption><\/figure>\n<\/div>\n\n\n\n<div class=\"wp-block-column is-layout-flow wp-block-column-is-layout-flow\">\n<figure class=\"wp-block-image size-large\" id=\"HSG\"><a href=\"https:\/\/sportverein-hausen.de\/index.php\/hsg\/\"><img decoding=\"async\" src=\"\/wp-content\/uploads\/2023\/03\/HSG-rottweil-1.png\" alt=\"\"\/><\/a><figcaption class=\"wp-element-caption\">HSG-Rottweil<\/figcaption><\/figure>\n<\/div>\n<\/div>\n\n\n\n<p><\/p>\n\n\n\n<div class=\"wp-block-columns has-nv-light-bg-background-color has-background is-layout-flex wp-container-core-columns-is-layout-9d6595d7 wp-block-columns-is-layout-flex\">\n<div class=\"wp-block-column has-nv-light-bg-background-color has-background is-layout-flow wp-block-column-is-layout-flow\">\n<figure class=\"wp-block-image size-full\" id=\"HandballMinis\"><a href=\"https:\/\/sportverein-hausen.de\/index.php\/handball-minis\/\"><img loading=\"lazy\" decoding=\"async\" width=\"1280\" height=\"960\" src=\"https:\/\/sportverein-hausen.de\/wp-content\/uploads\/2023\/10\/Minis-Hausen-1280.jpg\" alt=\"\" class=\"wp-image-1528\" srcset=\"https:\/\/sportverein-hausen.de\/wp-content\/uploads\/2023\/10\/Minis-Hausen-1280.jpg 1280w, https:\/\/sportverein-hausen.de\/wp-content\/uploads\/2023\/10\/Minis-Hausen-1280-800x600.jpg 800w, https:\/\/sportverein-hausen.de\/wp-content\/uploads\/2023\/10\/Minis-Hausen-1280-400x300.jpg 400w, https:\/\/sportverein-hausen.de\/wp-content\/uploads\/2023\/10\/Minis-Hausen-1280-768x576.jpg 768w\" sizes=\"auto, (max-width: 1280px) 100vw, 1280px\" \/><\/a><figcaption class=\"wp-element-caption\">Handball Minis I + II<\/figcaption><\/figure>\n<\/div>\n\n\n\n<div class=\"wp-block-column is-layout-flow wp-block-column-is-layout-flow\">\n<figure class=\"wp-block-image size-full is-style-default\" id=\"Handball-F-Jugend\"><a href=\"https:\/\/sportverein-hausen.de\/index.php\/handball-f-jugend\/\"><img loading=\"lazy\" decoding=\"async\" width=\"1280\" height=\"852\" src=\"https:\/\/sportverein-hausen.de\/wp-content\/uploads\/2023\/10\/F-Jugend_Hausen.1280.jpg\" alt=\"\" class=\"wp-image-1530\" srcset=\"https:\/\/sportverein-hausen.de\/wp-content\/uploads\/2023\/10\/F-Jugend_Hausen.1280.jpg 1280w, https:\/\/sportverein-hausen.de\/wp-content\/uploads\/2023\/10\/F-Jugend_Hausen.1280-800x533.jpg 800w, https:\/\/sportverein-hausen.de\/wp-content\/uploads\/2023\/10\/F-Jugend_Hausen.1280-400x266.jpg 400w, https:\/\/sportverein-hausen.de\/wp-content\/uploads\/2023\/10\/F-Jugend_Hausen.1280-768x511.jpg 768w, https:\/\/sportverein-hausen.de\/wp-content\/uploads\/2023\/10\/F-Jugend_Hausen.1280-930x620.jpg 930w\" sizes=\"auto, (max-width: 1280px) 100vw, 1280px\" \/><\/a><figcaption class=\"wp-element-caption\">Handball F &#8211; Jugend<br>!! Beginn ab 29.9.25 !!<\/figcaption><\/figure>\n<\/div>\n\n\n\n<div class=\"wp-block-column is-layout-flow wp-block-column-is-layout-flow\">\n<figure class=\"wp-block-image size-full\" id=\"Handball-E-Jugend\"><a href=\"https:\/\/sportverein-hausen.de\/index.php\/handball-e-jugend\/\"><img loading=\"lazy\" decoding=\"async\" width=\"1280\" height=\"852\" src=\"https:\/\/sportverein-hausen.de\/wp-content\/uploads\/2023\/10\/E-Jugend_Hausen-1.jpg\" alt=\"\" class=\"wp-image-1531\" srcset=\"https:\/\/sportverein-hausen.de\/wp-content\/uploads\/2023\/10\/E-Jugend_Hausen-1.jpg 1280w, https:\/\/sportverein-hausen.de\/wp-content\/uploads\/2023\/10\/E-Jugend_Hausen-1-800x533.jpg 800w, https:\/\/sportverein-hausen.de\/wp-content\/uploads\/2023\/10\/E-Jugend_Hausen-1-400x266.jpg 400w, https:\/\/sportverein-hausen.de\/wp-content\/uploads\/2023\/10\/E-Jugend_Hausen-1-768x511.jpg 768w, https:\/\/sportverein-hausen.de\/wp-content\/uploads\/2023\/10\/E-Jugend_Hausen-1-930x620.jpg 930w\" sizes=\"auto, (max-width: 1280px) 100vw, 1280px\" \/><\/a><figcaption class=\"wp-element-caption\">Handball E-Jugend<\/figcaption><\/figure>\n<\/div>\n<\/div>\n\n\n\n<p><\/p>\n","protected":false},"excerpt":{"rendered":"<p>Eine echt sportliche Leistung. Als Ausschuss sind wir f\u00fcr die Aktivit\u00e4ten und Geschicke unseres Sportvereins verantwortlich. Unser Ziel ist es, das lebendige und aktive Vereinsleben zu erhalten und auszubauen. Der Grundstein daf\u00fcr sind unsere vielen Angebote in den Bereichen Handball, Kinderturnen, Gymnastik, Fitness und Freizeitsport.Dar\u00fcber hinaus bieten wir mit verschiedenen Festen, Ausfahrten und Aktivit\u00e4ten rund&hellip;&nbsp;<a href=\"https:\/\/sportverein-hausen.de\/index.php\/sportangebot\/\" class=\"\" rel=\"bookmark\">Weiterlesen &raquo;<span class=\"screen-reader-text\">Sportangebot<\/span><\/a><\/p>\n","protected":false},"author":1,"featured_media":1861,"parent":0,"menu_order":0,"comment_status":"closed","ping_status":"closed","template":"","meta":{"neve_meta_sidebar":"","neve_meta_container":"","neve_meta_enable_content_width":"","neve_meta_content_width":0,"neve_meta_title_alignment":"","neve_meta_author_avatar":"","neve_post_elements_order":"","neve_meta_disable_header":"","neve_meta_disable_footer":"","neve_meta_disable_title":"","pgc_sgb_lightbox_settings":"","footnotes":""},"class_list":["post-173","page","type-page","status-publish","has-post-thumbnail","hentry"],"_links":{"self":[{"href":"https:\/\/sportverein-hausen.de\/index.php\/wp-json\/wp\/v2\/pages\/173","targetHints":{"allow":["GET"]}}],"collection":[{"href":"https:\/\/sportverein-hausen.de\/index.php\/wp-json\/wp\/v2\/pages"}],"about":[{"href":"https:\/\/sportverein-hausen.de\/index.php\/wp-json\/wp\/v2\/types\/page"}],"author":[{"embeddable":true,"href":"https:\/\/sportverein-hausen.de\/index.php\/wp-json\/wp\/v2\/users\/1"}],"replies":[{"embeddable":true,"href":"https:\/\/sportverein-hausen.de\/index.php\/wp-json\/wp\/v2\/comments?post=173"}],"version-history":[{"count":108,"href":"https:\/\/sportverein-hausen.de\/index.php\/wp-json\/wp\/v2\/pages\/173\/revisions"}],"predecessor-version":[{"id":2887,"href":"https:\/\/sportverein-hausen.de\/index.php\/wp-json\/wp\/v2\/pages\/173\/revisions\/2887"}],"wp:featuredmedia":[{"embeddable":true,"href":"https:\/\/sportverein-hausen.de\/index.php\/wp-json\/wp\/v2\/media\/1861"}],"wp:attachment":[{"href":"https:\/\/sportverein-hausen.de\/index.php\/wp-json\/wp\/v2\/media?parent=173"}],"curies":[{"name":"wp","href":"https:\/\/api.w.org\/{rel}","templated":true}]}}