{"id":244,"date":"2023-03-28T13:09:35","date_gmt":"2023-03-28T13:09:35","guid":{"rendered":"http:\/\/localhost\/wordpress\/?page_id=244"},"modified":"2026-08-13T14:31:20","modified_gmt":"2026-08-13T14:31:20","slug":"the-crazy-ds","status":"publish","type":"page","link":"https:\/\/sportverein-hausen.de\/index.php\/the-crazy-ds\/","title":{"rendered":"The crazy D&#8217;s"},"content":{"rendered":"\n<h2 class=\"wp-block-heading\">Coole moves kann man immer gebrauchen<\/h2>\n\n\n\n<div class=\"wp-block-columns is-layout-flex wp-container-core-columns-is-layout-8f761849 wp-block-columns-is-layout-flex\">\n<div class=\"wp-block-column is-layout-flow wp-block-column-is-layout-flow\">\n<p class=\"wp-block-paragraph\"><br>Unsere Teenie-Tanzgruppe blickt dankbar auf ein erfolgreiches Jahr zur\u00fcck. Die Gruppe ist gewachsen und besteht nun aus f\u00fcnf T\u00e4nzerinnen und zwei T\u00e4nzern im Alter von 11 bis 18 Jahren; dieser Zuwachs st\u00e4rkt unsere choreografische Vielfalt und die Teamdynamik. Die zwei Neueinsteigerinnen haben sich mit dem diesj\u00e4hrigen 90er-Motto stark pr\u00e4sentiert und wurden in die Gruppe aufgenommen \u2013 ihr Engagement und ihre Fortschritte zeigen, wie gut neue Gesichter aufgenommen und gef\u00f6rdert werden.<\/p>\n\n\n\n<figure class=\"wp-block-image size-full\"><img loading=\"lazy\" decoding=\"async\" width=\"961\" height=\"514\" src=\"https:\/\/sportverein-hausen.de\/wp-content\/uploads\/2026\/08\/Bildschirmfoto-2026-08-13-um-15.21.26.png\" alt=\"\" class=\"wp-image-3063\" srcset=\"https:\/\/sportverein-hausen.de\/wp-content\/uploads\/2026\/08\/Bildschirmfoto-2026-08-13-um-15.21.26.png 961w, https:\/\/sportverein-hausen.de\/wp-content\/uploads\/2026\/08\/Bildschirmfoto-2026-08-13-um-15.21.26-800x428.png 800w, https:\/\/sportverein-hausen.de\/wp-content\/uploads\/2026\/08\/Bildschirmfoto-2026-08-13-um-15.21.26-400x214.png 400w, https:\/\/sportverein-hausen.de\/wp-content\/uploads\/2026\/08\/Bildschirmfoto-2026-08-13-um-15.21.26-768x411.png 768w\" sizes=\"auto, (max-width: 961px) 100vw, 961px\" \/><\/figure>\n\n\n\n<p class=\"wp-block-paragraph\">Beim Sportlerball konnte die Teenie-Gruppe mit sicherer Pr\u00e4senz \u00fcberzeugen und das Publikum begeistern; dieser Auftritt ist ein Beleg f\u00fcr viel Schwei\u00df und Teamarbeit. Wir hoffen, auch im kommenden Jahr weiteres Interesse zu wecken und zus\u00e4tzliche Mitglieder zu gewinnen, um die Gruppe nachhaltig zu st\u00e4rken und langfristig ein attraktives Angebot f\u00fcr Jugendliche im Verein zu sichern.<\/p>\n\n\n\n<p class=\"wp-block-paragraph\">Herzlichen Dank an alle G\u00f6nnerInnen und HelferInnen f\u00fcr die Unterst\u00fctzung.<\/p>\n\n\n\n<p class=\"wp-block-paragraph\"><br>The&nbsp;crazy D\u00b4s und Beate J.<\/p>\n<\/div>\n<\/div>\n\n\n\n<p class=\"wp-block-paragraph\"><\/p>\n\n\n\n<div class=\"wp-block-columns has-neve-link-hover-color-background-color has-background is-layout-flex wp-container-core-columns-is-layout-8f761849 wp-block-columns-is-layout-flex\">\n<div class=\"wp-block-column is-layout-flow wp-block-column-is-layout-flow\">\n<figure class=\"wp-block-image size-large\"><img decoding=\"async\" src=\"\/wp-content\/uploads\/2023\/03\/sports-svgrepo-com.svg\" alt=\"\"\/><\/figure>\n\n\n\n<h3 class=\"wp-block-heading\">Gruppe<\/h3>\n\n\n\n<p class=\"wp-block-paragraph\">Kinder ab Klasse 5 (11 Jahre)<\/p>\n<\/div>\n\n\n\n<div class=\"wp-block-column is-layout-flow wp-block-column-is-layout-flow\">\n<figure class=\"wp-block-image size-large\"><img decoding=\"async\" src=\"\/wp-content\/uploads\/2023\/03\/sports-svgrepo-com1.svg\" alt=\"\"\/><\/figure>\n\n\n\n<h3 class=\"wp-block-heading\">Termin<\/h3>\n\n\n\n<p class=\"wp-block-paragraph\">Donnerstag 17:30 Uhr &#8211; 18:30  Uhr<br>Gymnastikhalle Hausen<\/p>\n<\/div>\n\n\n\n<div class=\"wp-block-column is-layout-flow wp-block-column-is-layout-flow\">\n<figure class=\"wp-block-image size-large\"><img decoding=\"async\" src=\"\/wp-content\/uploads\/2023\/03\/sports-ball-svgrepo-com.svg\" alt=\"\"\/><\/figure>\n\n\n\n<h3 class=\"wp-block-heading\">\u00dcbungsleiterin<\/h3>\n\n\n\n<p class=\"wp-block-paragraph\">Beate Jeronutti<\/p>\n\n\n\n<div class=\"wp-block-buttons is-layout-flex wp-block-buttons-is-layout-flex\">\n<div class=\"wp-block-button is-style-primary\"><a class=\"wp-block-button__link wp-element-button\" href=\"\/index.php\/kontakt\/#Beate\" style=\"border-radius:15px\">Kontakt<\/a><\/div>\n<\/div>\n<\/div>\n<\/div>\n\n\n\n<div class=\"wp-block-buttons is-content-justification-center is-layout-flex wp-container-core-buttons-is-layout-fe48e5de wp-block-buttons-is-layout-flex\">\n<div class=\"wp-block-button has-custom-width wp-block-button__width-75 is-style-default\"><a class=\"wp-block-button__link wp-element-button\" href=\"\/index.php\/sportangebot\/#Dancing\" style=\"border-radius:100px\">&lt;&lt; zur\u00fcck zur \u00dcbersicht<\/a><\/div>\n<\/div>\n\n\n\n<p class=\"wp-block-paragraph\"><\/p>\n","protected":false},"excerpt":{"rendered":"<p>Coole moves kann man immer gebrauchen Unsere Teenie-Tanzgruppe blickt dankbar auf ein erfolgreiches Jahr zur\u00fcck. Die Gruppe ist gewachsen und besteht nun aus f\u00fcnf T\u00e4nzerinnen und zwei T\u00e4nzern im Alter von 11 bis 18 Jahren; dieser Zuwachs st\u00e4rkt unsere choreografische Vielfalt und die Teamdynamik. Die zwei Neueinsteigerinnen haben sich mit dem diesj\u00e4hrigen 90er-Motto stark pr\u00e4sentiert&hellip;&nbsp;<a href=\"https:\/\/sportverein-hausen.de\/index.php\/the-crazy-ds\/\" rel=\"bookmark\">Weiterlesen &raquo;<span class=\"screen-reader-text\">The crazy D&#8217;s<\/span><\/a><\/p>\n","protected":false},"author":1,"featured_media":1899,"parent":0,"menu_order":0,"comment_status":"closed","ping_status":"closed","template":"","meta":{"neve_meta_sidebar":"","neve_meta_container":"","neve_meta_enable_content_width":"","neve_meta_content_width":0,"neve_meta_title_alignment":"","neve_meta_author_avatar":"","neve_post_elements_order":"","neve_meta_disable_header":"","neve_meta_disable_footer":"","neve_meta_disable_title":"","pgc_sgb_lightbox_settings":"","footnotes":""},"class_list":["post-244","page","type-page","status-publish","has-post-thumbnail","hentry"],"_links":{"self":[{"href":"https:\/\/sportverein-hausen.de\/index.php\/wp-json\/wp\/v2\/pages\/244","targetHints":{"allow":["GET"]}}],"collection":[{"href":"https:\/\/sportverein-hausen.de\/index.php\/wp-json\/wp\/v2\/pages"}],"about":[{"href":"https:\/\/sportverein-hausen.de\/index.php\/wp-json\/wp\/v2\/types\/page"}],"author":[{"embeddable":true,"href":"https:\/\/sportverein-hausen.de\/index.php\/wp-json\/wp\/v2\/users\/1"}],"replies":[{"embeddable":true,"href":"https:\/\/sportverein-hausen.de\/index.php\/wp-json\/wp\/v2\/comments?post=244"}],"version-history":[{"count":15,"href":"https:\/\/sportverein-hausen.de\/index.php\/wp-json\/wp\/v2\/pages\/244\/revisions"}],"predecessor-version":[{"id":3064,"href":"https:\/\/sportverein-hausen.de\/index.php\/wp-json\/wp\/v2\/pages\/244\/revisions\/3064"}],"wp:featuredmedia":[{"embeddable":true,"href":"https:\/\/sportverein-hausen.de\/index.php\/wp-json\/wp\/v2\/media\/1899"}],"wp:attachment":[{"href":"https:\/\/sportverein-hausen.de\/index.php\/wp-json\/wp\/v2\/media?parent=244"}],"curies":[{"name":"wp","href":"https:\/\/api.w.org\/{rel}","templated":true}]}}

<h2 class="wp-block-heading">Coole moves kann man immer gebrauchen</h2>



<div class="wp-block-columns is-layout-flex wp-container-core-columns-is-layout-8f761849 wp-block-columns-is-layout-flex">
<div class="wp-block-column is-layout-flow wp-block-column-is-layout-flow">
<p class="wp-block-paragraph"><br>Unsere Teenie-Tanzgruppe blickt dankbar auf ein erfolgreiches Jahr zurück. Die Gruppe ist gewachsen und besteht nun aus fünf Tänzerinnen und zwei Tänzern im Alter von 11 bis 18 Jahren; dieser Zuwachs stärkt unsere choreografische Vielfalt und die Teamdynamik. Die zwei Neueinsteigerinnen haben sich mit dem diesjährigen 90er-Motto stark präsentiert und wurden in die Gruppe aufgenommen – ihr Engagement und ihre Fortschritte zeigen, wie gut neue Gesichter aufgenommen und gefördert werden.</p>



<figure class="wp-block-image size-full"><img loading="lazy" decoding="async" width="961" height="514" src="https://sportverein-hausen.de/wp-content/uploads/2026/08/Bildschirmfoto-2026-08-13-um-15.21.26.png" alt="" class="wp-image-3063" srcset="https://sportverein-hausen.de/wp-content/uploads/2026/08/Bildschirmfoto-2026-08-13-um-15.21.26.png 961w, https://sportverein-hausen.de/wp-content/uploads/2026/08/Bildschirmfoto-2026-08-13-um-15.21.26-800x428.png 800w, https://sportverein-hausen.de/wp-content/uploads/2026/08/Bildschirmfoto-2026-08-13-um-15.21.26-400x214.png 400w, https://sportverein-hausen.de/wp-content/uploads/2026/08/Bildschirmfoto-2026-08-13-um-15.21.26-768x411.png 768w" sizes="auto, (max-width: 961px) 100vw, 961px" /></figure>



<p class="wp-block-paragraph">Beim Sportlerball konnte die Teenie-Gruppe mit sicherer Präsenz überzeugen und das Publikum begeistern; dieser Auftritt ist ein Beleg für viel Schweiß und Teamarbeit. Wir hoffen, auch im kommenden Jahr weiteres Interesse zu wecken und zusätzliche Mitglieder zu gewinnen, um die Gruppe nachhaltig zu stärken und langfristig ein attraktives Angebot für Jugendliche im Verein zu sichern.</p>



<p class="wp-block-paragraph">Herzlichen Dank an alle GönnerInnen und HelferInnen für die Unterstützung.</p>



<p class="wp-block-paragraph"><br>The&nbsp;crazy D´s und Beate J.</p>
</div>
</div>



<p class="wp-block-paragraph"></p>



<div class="wp-block-columns has-neve-link-hover-color-background-color has-background is-layout-flex wp-container-core-columns-is-layout-8f761849 wp-block-columns-is-layout-flex">
<div class="wp-block-column is-layout-flow wp-block-column-is-layout-flow">
<figure class="wp-block-image size-large"><img decoding="async" src="/wp-content/uploads/2023/03/sports-svgrepo-com.svg" alt=""/></figure>



<h3 class="wp-block-heading">Gruppe</h3>



<p class="wp-block-paragraph">Kinder ab Klasse 5 (11 Jahre)</p>
</div>



<div class="wp-block-column is-layout-flow wp-block-column-is-layout-flow">
<figure class="wp-block-image size-large"><img decoding="async" src="/wp-content/uploads/2023/03/sports-svgrepo-com1.svg" alt=""/></figure>



<h3 class="wp-block-heading">Termin</h3>



<p class="wp-block-paragraph">Donnerstag 17:30 Uhr &#8211; 18:30  Uhr<br>Gymnastikhalle Hausen</p>
</div>



<div class="wp-block-column is-layout-flow wp-block-column-is-layout-flow">
<figure class="wp-block-image size-large"><img decoding="async" src="/wp-content/uploads/2023/03/sports-ball-svgrepo-com.svg" alt=""/></figure>



<h3 class="wp-block-heading">Übungsleiterin</h3>



<p class="wp-block-paragraph">Beate Jeronutti</p>



<div class="wp-block-buttons is-layout-flex wp-block-buttons-is-layout-flex">
<div class="wp-block-button is-style-primary"><a class="wp-block-button__link wp-element-button" href="/index.php/kontakt/#Beate" style="border-radius:15px">Kontakt</a></div>
</div>
</div>
</div>



<div class="wp-block-buttons is-content-justification-center is-layout-flex wp-container-core-buttons-is-layout-fe48e5de wp-block-buttons-is-layout-flex">
<div class="wp-block-button has-custom-width wp-block-button__width-75 is-style-default"><a class="wp-block-button__link wp-element-button" href="/index.php/sportangebot/#Dancing" style="border-radius:100px">&lt;&lt; zurück zur Übersicht</a></div>
</div>



<p class="wp-block-paragraph"></p>

<p>Coole moves kann man immer gebrauchen Unsere Teenie-Tanzgruppe blickt dankbar auf ein erfolgreiches Jahr zurück. Die Gruppe ist gewachsen und besteht nun aus fünf Tänzerinnen und zwei Tänzern im Alter von 11 bis 18 Jahren; dieser Zuwachs stärkt unsere choreografische Vielfalt und die Teamdynamik. Die zwei Neueinsteigerinnen haben sich mit dem diesjährigen 90er-Motto stark präsentiert&hellip;&nbsp;<a href="https://sportverein-hausen.de/index.php/the-crazy-ds/" rel="bookmark">Weiterlesen &raquo;<span class="screen-reader-text">The crazy D&#8217;s</span></a></p>
