{"id":268,"date":"2023-03-28T14:11:53","date_gmt":"2023-03-28T14:11:53","guid":{"rendered":"http:\/\/localhost\/wordpress\/?page_id=268"},"modified":"2026-08-13T14:50:47","modified_gmt":"2026-08-13T14:50:47","slug":"funktionsgymnastik-streching","status":"publish","type":"page","link":"https:\/\/sportverein-hausen.de\/index.php\/funktionsgymnastik-streching\/","title":{"rendered":"Funktionsgymnastik \/ Stretching"},"content":{"rendered":"\n<p class=\"wp-block-paragraph\"><\/p>\n\n\n\n<div class=\"wp-block-columns is-layout-flex wp-container-core-columns-is-layout-8f761849 wp-block-columns-is-layout-flex\">\n<div class=\"wp-block-column is-layout-flow wp-block-column-is-layout-flow\">\n<p class=\"wp-block-paragraph\"><strong>Mittwoch von 19:00 Uhr \u2013 20:00 Uhr <\/strong><br><strong>(als Kurs mit 10 Trainingseinheiten)<\/strong><br><span style=\"caret-color: rgb(0, 0, 0); color: rgb(0, 0, 0); font-family: -webkit-standard; font-size: medium; white-space: normal;\"><\/span><\/p>\n<\/div>\n<\/div>\n\n\n\n<p class=\"wp-block-paragraph\">Als Kurs (10 Trainingseinheiten)<\/p>\n\n\n\n<p class=\"wp-block-paragraph\">Die Funktionsgymnastik des Sportvereins Hausen wird in einem Kurssystem im Fr\u00fchjahr und Herbst angeboten. Das Trainingsprogramm ist anatomisch orientiert und zielt darauf ab, Beweglichkeit, Kraft, Koordination und Haltung zu verbessern. <br><\/p>\n\n\n\n<figure class=\"wp-block-image size-full\"><img loading=\"lazy\" decoding=\"async\" width=\"1022\" height=\"558\" src=\"https:\/\/sportverein-hausen.de\/wp-content\/uploads\/2026\/08\/streching-1.png\" alt=\"\" class=\"wp-image-3077\" srcset=\"https:\/\/sportverein-hausen.de\/wp-content\/uploads\/2026\/08\/streching-1.png 1022w, https:\/\/sportverein-hausen.de\/wp-content\/uploads\/2026\/08\/streching-1-800x437.png 800w, https:\/\/sportverein-hausen.de\/wp-content\/uploads\/2026\/08\/streching-1-400x218.png 400w, https:\/\/sportverein-hausen.de\/wp-content\/uploads\/2026\/08\/streching-1-768x419.png 768w\" sizes=\"auto, (max-width: 1022px) 100vw, 1022px\" \/><\/figure>\n\n\n\n<p class=\"wp-block-paragraph\">Durch gezielte \u00dcbungen werden verschiedene Muskelgruppen gekr\u00e4ftigt und die Gelenke mobilisiert. Dabei wird besonderer Wert auf ein gelenkschonendes Arbeiten gelegt. Viele der \u00dcbungen sind alltagsrelevant gestaltet, sodass sie die Teilnehmerinnen und Teilnehmer auch im t\u00e4glichen Leben unterst\u00fctzen. Zum Einsatz kommen sowohl Kleinger\u00e4te als auch das eigene K\u00f6rpergewicht. Insgesamt tr\u00e4gt das Training dazu bei, Haltungssch\u00e4den vorzubeugen und das allgemeine k\u00f6rperliche Wohlbefinden zu f\u00f6rdern.<\/p>\n\n\n\n<p class=\"wp-block-paragraph\">Liebe Gr\u00fc\u00dfe Inga<\/p>\n\n\n\n<div class=\"wp-block-columns has-neve-link-hover-color-background-color has-background is-layout-flex wp-container-core-columns-is-layout-8f761849 wp-block-columns-is-layout-flex\">\n<div class=\"wp-block-column is-layout-flow wp-block-column-is-layout-flow\">\n<figure class=\"wp-block-image size-large\"><img decoding=\"async\" src=\"\/wp-content\/uploads\/2023\/03\/sports-svgrepo-com.svg\" alt=\"\"\/><\/figure>\n\n\n\n<h3 class=\"wp-block-heading\">Gruppe<\/h3>\n\n\n\n<p class=\"wp-block-paragraph\">ab 16 Jahre<\/p>\n<\/div>\n\n\n\n<div class=\"wp-block-column is-layout-flow wp-block-column-is-layout-flow\">\n<figure class=\"wp-block-image size-large\"><img decoding=\"async\" src=\"\/wp-content\/uploads\/2023\/03\/sports-svgrepo-com1.svg\" alt=\"\"\/><\/figure>\n\n\n\n<h3 class=\"wp-block-heading\">Termin<\/h3>\n\n\n\n<p class=\"wp-block-paragraph\">Mittwoch 19:00 Uhr &#8211; 20:00 Uhr<br>Gymnastikhalle Hausen<\/p>\n<\/div>\n\n\n\n<div class=\"wp-block-column is-layout-flow wp-block-column-is-layout-flow\">\n<figure class=\"wp-block-image size-large\"><img decoding=\"async\" src=\"\/wp-content\/uploads\/2023\/03\/sports-ball-svgrepo-com.svg\" alt=\"\"\/><\/figure>\n\n\n\n<h3 class=\"wp-block-heading\">\u00dcbungsleiterin<\/h3>\n\n\n\n<p class=\"wp-block-paragraph\">Inga St\u00f6lzl<\/p>\n\n\n\n<div class=\"wp-block-buttons is-layout-flex wp-block-buttons-is-layout-flex\">\n<div class=\"wp-block-button is-style-primary\"><a class=\"wp-block-button__link wp-element-button\" href=\"\/index.php\/kontakt\/#Beate\" style=\"border-radius:15px\">Kontakt<\/a><\/div>\n<\/div>\n<\/div>\n<\/div>\n\n\n\n<div class=\"wp-block-buttons is-content-justification-center is-layout-flex wp-container-core-buttons-is-layout-fe48e5de wp-block-buttons-is-layout-flex\">\n<div class=\"wp-block-button has-custom-width wp-block-button__width-75 is-style-default\"><a class=\"wp-block-button__link wp-element-button\" href=\"\/index.php\/sportangebot\/#Funktionsgymnastik\" style=\"border-radius:100px\">&lt;&lt; zur\u00fcck zur \u00dcbersicht<\/a><\/div>\n<\/div>\n\n\n\n<p class=\"wp-block-paragraph\"><\/p>\n","protected":false},"excerpt":{"rendered":"<p>Mittwoch von 19:00 Uhr \u2013 20:00 Uhr (als Kurs mit 10 Trainingseinheiten) Als Kurs (10 Trainingseinheiten) Die Funktionsgymnastik des Sportvereins Hausen wird in einem Kurssystem im Fr\u00fchjahr und Herbst angeboten. Das Trainingsprogramm ist anatomisch orientiert und zielt darauf ab, Beweglichkeit, Kraft, Koordination und Haltung zu verbessern. Durch gezielte \u00dcbungen werden verschiedene Muskelgruppen gekr\u00e4ftigt und die&hellip;&nbsp;<a href=\"https:\/\/sportverein-hausen.de\/index.php\/funktionsgymnastik-streching\/\" rel=\"bookmark\">Weiterlesen &raquo;<span class=\"screen-reader-text\">Funktionsgymnastik \/ Stretching<\/span><\/a><\/p>\n","protected":false},"author":1,"featured_media":734,"parent":0,"menu_order":0,"comment_status":"closed","ping_status":"closed","template":"","meta":{"neve_meta_sidebar":"","neve_meta_container":"","neve_meta_enable_content_width":"","neve_meta_content_width":0,"neve_meta_title_alignment":"","neve_meta_author_avatar":"","neve_post_elements_order":"","neve_meta_disable_header":"","neve_meta_disable_footer":"","neve_meta_disable_title":"","pgc_sgb_lightbox_settings":"","footnotes":""},"class_list":["post-268","page","type-page","status-publish","has-post-thumbnail","hentry"],"_links":{"self":[{"href":"https:\/\/sportverein-hausen.de\/index.php\/wp-json\/wp\/v2\/pages\/268","targetHints":{"allow":["GET"]}}],"collection":[{"href":"https:\/\/sportverein-hausen.de\/index.php\/wp-json\/wp\/v2\/pages"}],"about":[{"href":"https:\/\/sportverein-hausen.de\/index.php\/wp-json\/wp\/v2\/types\/page"}],"author":[{"embeddable":true,"href":"https:\/\/sportverein-hausen.de\/index.php\/wp-json\/wp\/v2\/users\/1"}],"replies":[{"embeddable":true,"href":"https:\/\/sportverein-hausen.de\/index.php\/wp-json\/wp\/v2\/comments?post=268"}],"version-history":[{"count":17,"href":"https:\/\/sportverein-hausen.de\/index.php\/wp-json\/wp\/v2\/pages\/268\/revisions"}],"predecessor-version":[{"id":3078,"href":"https:\/\/sportverein-hausen.de\/index.php\/wp-json\/wp\/v2\/pages\/268\/revisions\/3078"}],"wp:featuredmedia":[{"embeddable":true,"href":"https:\/\/sportverein-hausen.de\/index.php\/wp-json\/wp\/v2\/media\/734"}],"wp:attachment":[{"href":"https:\/\/sportverein-hausen.de\/index.php\/wp-json\/wp\/v2\/media?parent=268"}],"curies":[{"name":"wp","href":"https:\/\/api.w.org\/{rel}","templated":true}]}}

<p class="wp-block-paragraph"></p>



<div class="wp-block-columns is-layout-flex wp-container-core-columns-is-layout-8f761849 wp-block-columns-is-layout-flex">
<div class="wp-block-column is-layout-flow wp-block-column-is-layout-flow">
<p class="wp-block-paragraph"><strong>Mittwoch von 19:00 Uhr – 20:00 Uhr </strong><br><strong>(als Kurs mit 10 Trainingseinheiten)</strong><br><span style="caret-color: rgb(0, 0, 0); color: rgb(0, 0, 0); font-family: -webkit-standard; font-size: medium; white-space: normal;"></span></p>
</div>
</div>



<p class="wp-block-paragraph">Als Kurs (10 Trainingseinheiten)</p>



<p class="wp-block-paragraph">Die Funktionsgymnastik des Sportvereins Hausen wird in einem Kurssystem im Frühjahr und Herbst angeboten. Das Trainingsprogramm ist anatomisch orientiert und zielt darauf ab, Beweglichkeit, Kraft, Koordination und Haltung zu verbessern. <br></p>



<figure class="wp-block-image size-full"><img loading="lazy" decoding="async" width="1022" height="558" src="https://sportverein-hausen.de/wp-content/uploads/2026/08/streching-1.png" alt="" class="wp-image-3077" srcset="https://sportverein-hausen.de/wp-content/uploads/2026/08/streching-1.png 1022w, https://sportverein-hausen.de/wp-content/uploads/2026/08/streching-1-800x437.png 800w, https://sportverein-hausen.de/wp-content/uploads/2026/08/streching-1-400x218.png 400w, https://sportverein-hausen.de/wp-content/uploads/2026/08/streching-1-768x419.png 768w" sizes="auto, (max-width: 1022px) 100vw, 1022px" /></figure>



<p class="wp-block-paragraph">Durch gezielte Übungen werden verschiedene Muskelgruppen gekräftigt und die Gelenke mobilisiert. Dabei wird besonderer Wert auf ein gelenkschonendes Arbeiten gelegt. Viele der Übungen sind alltagsrelevant gestaltet, sodass sie die Teilnehmerinnen und Teilnehmer auch im täglichen Leben unterstützen. Zum Einsatz kommen sowohl Kleingeräte als auch das eigene Körpergewicht. Insgesamt trägt das Training dazu bei, Haltungsschäden vorzubeugen und das allgemeine körperliche Wohlbefinden zu fördern.</p>



<p class="wp-block-paragraph">Liebe Grüße Inga</p>



<div class="wp-block-columns has-neve-link-hover-color-background-color has-background is-layout-flex wp-container-core-columns-is-layout-8f761849 wp-block-columns-is-layout-flex">
<div class="wp-block-column is-layout-flow wp-block-column-is-layout-flow">
<figure class="wp-block-image size-large"><img decoding="async" src="/wp-content/uploads/2023/03/sports-svgrepo-com.svg" alt=""/></figure>



<h3 class="wp-block-heading">Gruppe</h3>



<p class="wp-block-paragraph">ab 16 Jahre</p>
</div>



<div class="wp-block-column is-layout-flow wp-block-column-is-layout-flow">
<figure class="wp-block-image size-large"><img decoding="async" src="/wp-content/uploads/2023/03/sports-svgrepo-com1.svg" alt=""/></figure>



<h3 class="wp-block-heading">Termin</h3>



<p class="wp-block-paragraph">Mittwoch 19:00 Uhr &#8211; 20:00 Uhr<br>Gymnastikhalle Hausen</p>
</div>



<div class="wp-block-column is-layout-flow wp-block-column-is-layout-flow">
<figure class="wp-block-image size-large"><img decoding="async" src="/wp-content/uploads/2023/03/sports-ball-svgrepo-com.svg" alt=""/></figure>



<h3 class="wp-block-heading">Übungsleiterin</h3>



<p class="wp-block-paragraph">Inga Stölzl</p>



<div class="wp-block-buttons is-layout-flex wp-block-buttons-is-layout-flex">
<div class="wp-block-button is-style-primary"><a class="wp-block-button__link wp-element-button" href="/index.php/kontakt/#Beate" style="border-radius:15px">Kontakt</a></div>
</div>
</div>
</div>



<div class="wp-block-buttons is-content-justification-center is-layout-flex wp-container-core-buttons-is-layout-fe48e5de wp-block-buttons-is-layout-flex">
<div class="wp-block-button has-custom-width wp-block-button__width-75 is-style-default"><a class="wp-block-button__link wp-element-button" href="/index.php/sportangebot/#Funktionsgymnastik" style="border-radius:100px">&lt;&lt; zurück zur Übersicht</a></div>
</div>



<p class="wp-block-paragraph"></p>

<p>Mittwoch von 19:00 Uhr – 20:00 Uhr (als Kurs mit 10 Trainingseinheiten) Als Kurs (10 Trainingseinheiten) Die Funktionsgymnastik des Sportvereins Hausen wird in einem Kurssystem im Frühjahr und Herbst angeboten. Das Trainingsprogramm ist anatomisch orientiert und zielt darauf ab, Beweglichkeit, Kraft, Koordination und Haltung zu verbessern. Durch gezielte Übungen werden verschiedene Muskelgruppen gekräftigt und die&hellip;&nbsp;<a href="https://sportverein-hausen.de/index.php/funktionsgymnastik-streching/" rel="bookmark">Weiterlesen &raquo;<span class="screen-reader-text">Funktionsgymnastik / Stretching</span></a></p>
