{"id":285,"date":"2023-03-29T11:21:24","date_gmt":"2023-03-29T11:21:24","guid":{"rendered":"http:\/\/localhost\/wordpress\/?page_id=285"},"modified":"2025-09-16T11:48:04","modified_gmt":"2025-09-16T11:48:04","slug":"seniorengymnastik-frauen","status":"publish","type":"page","link":"https:\/\/sportverein-hausen.de\/index.php\/seniorengymnastik-frauen\/","title":{"rendered":"Seniorengymnastik Frauen"},"content":{"rendered":"\n<div class=\"wp-block-columns is-layout-flex wp-container-core-columns-is-layout-9d6595d7 wp-block-columns-is-layout-flex\">\n<div class=\"wp-block-column is-layout-flow wp-block-column-is-layout-flow\">\n<figure class=\"wp-block-image size-full\"><img loading=\"lazy\" decoding=\"async\" width=\"1600\" height=\"900\" src=\"https:\/\/sportverein-hausen.de\/wp-content\/uploads\/2025\/09\/PHOTO-2025-07-24-08-02-597.jpg.jpeg\" alt=\"\" class=\"wp-image-2662\" srcset=\"https:\/\/sportverein-hausen.de\/wp-content\/uploads\/2025\/09\/PHOTO-2025-07-24-08-02-597.jpg.jpeg 1600w, https:\/\/sportverein-hausen.de\/wp-content\/uploads\/2025\/09\/PHOTO-2025-07-24-08-02-597.jpg-800x450.jpeg 800w, https:\/\/sportverein-hausen.de\/wp-content\/uploads\/2025\/09\/PHOTO-2025-07-24-08-02-597.jpg-1280x720.jpeg 1280w, https:\/\/sportverein-hausen.de\/wp-content\/uploads\/2025\/09\/PHOTO-2025-07-24-08-02-597.jpg-400x225.jpeg 400w, https:\/\/sportverein-hausen.de\/wp-content\/uploads\/2025\/09\/PHOTO-2025-07-24-08-02-597.jpg-768x432.jpeg 768w, https:\/\/sportverein-hausen.de\/wp-content\/uploads\/2025\/09\/PHOTO-2025-07-24-08-02-597.jpg-1536x864.jpeg 1536w\" sizes=\"auto, (max-width: 1600px) 100vw, 1600px\" \/><\/figure>\n\n\n\n<p><br>Bei der Frauenseniorengruppe, die am Montag stattfindet, sind zur Zeit 15 Teilnehmerinnen. Von Kopf bis Fu\u00df wird alles mit und ohne Ger\u00e4te mobilisiert, gekr\u00e4ftigt und gedehnt. Auch auf Stundenw\u00fcnsche wird eingegangen und in die Gymnastikstunden aufgenommen.<\/p>\n\n\n\n<p>Nat\u00fcrlich darf das gem\u00fctliche Zusammensein nicht zu kurz kommen Leider fiel das j\u00e4hrliche Minigolf in Horgen aus, da die Lokalit\u00e4t trotz Anmeldung an diesem Tage nicht ge\u00f6ffnet hatte.<\/p>\n\n\n\n<p>Gerne sind wir f\u00fcr unsere Feiern sowie Weihnachtsfeier im Fritz und Fridda, wo wir in sehr guten H\u00e4nden sind und gut versorgt werden. Dies kommt meinen Frauen zugute, da man im Ort bleiben kann und nicht auf das Auto angewiesen ist. Ein herzliches Dankesch\u00f6n an den Verein und die Abteilungsleiterin Beate, die uns Fortbildungen und auch W\u00fcnsche zum Kauf von zus\u00e4tzlichen Sportger\u00e4ten erm\u00f6glicht.<\/p>\n\n\n\n<p>Liebe Gr\u00fc\u00dfe<\/p>\n\n\n\n<p>Inga<\/p>\n<\/div>\n\n\n\n<div class=\"wp-block-column is-layout-flow wp-block-column-is-layout-flow\">\n<figure class=\"wp-block-image size-full\"><img loading=\"lazy\" decoding=\"async\" width=\"2000\" height=\"1126\" src=\"https:\/\/sportverein-hausen.de\/wp-content\/uploads\/2025\/09\/PHOTO-2025-07-24-08-03-0076.jpg.jpeg\" alt=\"\" class=\"wp-image-2661\" srcset=\"https:\/\/sportverein-hausen.de\/wp-content\/uploads\/2025\/09\/PHOTO-2025-07-24-08-03-0076.jpg.jpeg 2000w, https:\/\/sportverein-hausen.de\/wp-content\/uploads\/2025\/09\/PHOTO-2025-07-24-08-03-0076.jpg-800x450.jpeg 800w, https:\/\/sportverein-hausen.de\/wp-content\/uploads\/2025\/09\/PHOTO-2025-07-24-08-03-0076.jpg-1280x721.jpeg 1280w, https:\/\/sportverein-hausen.de\/wp-content\/uploads\/2025\/09\/PHOTO-2025-07-24-08-03-0076.jpg-400x225.jpeg 400w, https:\/\/sportverein-hausen.de\/wp-content\/uploads\/2025\/09\/PHOTO-2025-07-24-08-03-0076.jpg-768x432.jpeg 768w, https:\/\/sportverein-hausen.de\/wp-content\/uploads\/2025\/09\/PHOTO-2025-07-24-08-03-0076.jpg-1536x865.jpeg 1536w\" sizes=\"auto, (max-width: 2000px) 100vw, 2000px\" \/><\/figure>\n<\/div>\n<\/div>\n\n\n\n<div class=\"wp-block-columns has-neve-link-hover-color-background-color has-background is-layout-flex wp-container-core-columns-is-layout-9d6595d7 wp-block-columns-is-layout-flex\">\n<div class=\"wp-block-column is-layout-flow wp-block-column-is-layout-flow\">\n<figure class=\"wp-block-image size-large\"><img decoding=\"async\" src=\"\/wp-content\/uploads\/2023\/03\/sports-svgrepo-com.svg\" alt=\"\"\/><\/figure>\n\n\n\n<h3 class=\"wp-block-heading\">Gruppe<\/h3>\n\n\n\n<p>Seniorinnen<\/p>\n<\/div>\n\n\n\n<div class=\"wp-block-column is-layout-flow wp-block-column-is-layout-flow\">\n<figure class=\"wp-block-image size-large\"><img decoding=\"async\" src=\"\/wp-content\/uploads\/2023\/03\/sports-svgrepo-com1.svg\" alt=\"\"\/><\/figure>\n\n\n\n<h3 class=\"wp-block-heading\">Termin<\/h3>\n\n\n\n<p>Montag 15:30 Uhr &#8211; 16:30 Uhr<br>Gymnastikhalle Hausen<\/p>\n<\/div>\n\n\n\n<div class=\"wp-block-column is-layout-flow wp-block-column-is-layout-flow\">\n<figure class=\"wp-block-image size-large\"><img decoding=\"async\" src=\"\/wp-content\/uploads\/2023\/03\/sports-ball-svgrepo-com.svg\" alt=\"\"\/><\/figure>\n\n\n\n<h3 class=\"wp-block-heading\">\u00dcbungsleiterin<\/h3>\n\n\n\n<p>Inga St\u00f6lzl<\/p>\n\n\n\n<div class=\"wp-block-buttons is-layout-flex wp-block-buttons-is-layout-flex\">\n<div class=\"wp-block-button is-style-primary\"><a class=\"wp-block-button__link wp-element-button\" href=\"\/index.php\/kontakt\/#Beate\" style=\"border-radius:15px\">Kontakt<\/a><\/div>\n<\/div>\n<\/div>\n<\/div>\n\n\n\n<div class=\"wp-block-buttons is-content-justification-center is-layout-flex wp-container-core-buttons-is-layout-16018d1d wp-block-buttons-is-layout-flex\">\n<div class=\"wp-block-button has-custom-width wp-block-button__width-75 is-style-default\"><a class=\"wp-block-button__link wp-element-button\" href=\"\/index.php\/sportangebot\/#seniorengymnastik-frauen\" style=\"border-radius:100px\">&lt;&lt; zur\u00fcck zur \u00dcbersicht<\/a><\/div>\n<\/div>\n\n\n\n<p><\/p>\n","protected":false},"excerpt":{"rendered":"<p>Bei der Frauenseniorengruppe, die am Montag stattfindet, sind zur Zeit 15 Teilnehmerinnen. Von Kopf bis Fu\u00df wird alles mit und ohne Ger\u00e4te mobilisiert, gekr\u00e4ftigt und gedehnt. Auch auf Stundenw\u00fcnsche wird eingegangen und in die Gymnastikstunden aufgenommen. Nat\u00fcrlich darf das gem\u00fctliche Zusammensein nicht zu kurz kommen Leider fiel das j\u00e4hrliche Minigolf in Horgen aus, da die&hellip;&nbsp;<a href=\"https:\/\/sportverein-hausen.de\/index.php\/seniorengymnastik-frauen\/\" class=\"\" rel=\"bookmark\">Weiterlesen &raquo;<span class=\"screen-reader-text\">Seniorengymnastik Frauen<\/span><\/a><\/p>\n","protected":false},"author":1,"featured_media":2657,"parent":0,"menu_order":0,"comment_status":"closed","ping_status":"closed","template":"","meta":{"neve_meta_sidebar":"","neve_meta_container":"","neve_meta_enable_content_width":"","neve_meta_content_width":0,"neve_meta_title_alignment":"","neve_meta_author_avatar":"","neve_post_elements_order":"","neve_meta_disable_header":"","neve_meta_disable_footer":"","neve_meta_disable_title":"","pgc_sgb_lightbox_settings":"","footnotes":""},"class_list":["post-285","page","type-page","status-publish","has-post-thumbnail","hentry"],"_links":{"self":[{"href":"https:\/\/sportverein-hausen.de\/index.php\/wp-json\/wp\/v2\/pages\/285","targetHints":{"allow":["GET"]}}],"collection":[{"href":"https:\/\/sportverein-hausen.de\/index.php\/wp-json\/wp\/v2\/pages"}],"about":[{"href":"https:\/\/sportverein-hausen.de\/index.php\/wp-json\/wp\/v2\/types\/page"}],"author":[{"embeddable":true,"href":"https:\/\/sportverein-hausen.de\/index.php\/wp-json\/wp\/v2\/users\/1"}],"replies":[{"embeddable":true,"href":"https:\/\/sportverein-hausen.de\/index.php\/wp-json\/wp\/v2\/comments?post=285"}],"version-history":[{"count":17,"href":"https:\/\/sportverein-hausen.de\/index.php\/wp-json\/wp\/v2\/pages\/285\/revisions"}],"predecessor-version":[{"id":2663,"href":"https:\/\/sportverein-hausen.de\/index.php\/wp-json\/wp\/v2\/pages\/285\/revisions\/2663"}],"wp:featuredmedia":[{"embeddable":true,"href":"https:\/\/sportverein-hausen.de\/index.php\/wp-json\/wp\/v2\/media\/2657"}],"wp:attachment":[{"href":"https:\/\/sportverein-hausen.de\/index.php\/wp-json\/wp\/v2\/media?parent=285"}],"curies":[{"name":"wp","href":"https:\/\/api.w.org\/{rel}","templated":true}]}}

<div class="wp-block-columns is-layout-flex wp-container-core-columns-is-layout-9d6595d7 wp-block-columns-is-layout-flex">
<div class="wp-block-column is-layout-flow wp-block-column-is-layout-flow">
<figure class="wp-block-image size-full"><img loading="lazy" decoding="async" width="1600" height="900" src="https://sportverein-hausen.de/wp-content/uploads/2025/09/PHOTO-2025-07-24-08-02-597.jpg.jpeg" alt="" class="wp-image-2662" srcset="https://sportverein-hausen.de/wp-content/uploads/2025/09/PHOTO-2025-07-24-08-02-597.jpg.jpeg 1600w, https://sportverein-hausen.de/wp-content/uploads/2025/09/PHOTO-2025-07-24-08-02-597.jpg-800x450.jpeg 800w, https://sportverein-hausen.de/wp-content/uploads/2025/09/PHOTO-2025-07-24-08-02-597.jpg-1280x720.jpeg 1280w, https://sportverein-hausen.de/wp-content/uploads/2025/09/PHOTO-2025-07-24-08-02-597.jpg-400x225.jpeg 400w, https://sportverein-hausen.de/wp-content/uploads/2025/09/PHOTO-2025-07-24-08-02-597.jpg-768x432.jpeg 768w, https://sportverein-hausen.de/wp-content/uploads/2025/09/PHOTO-2025-07-24-08-02-597.jpg-1536x864.jpeg 1536w" sizes="auto, (max-width: 1600px) 100vw, 1600px" /></figure>



<p><br>Bei der Frauenseniorengruppe, die am Montag stattfindet, sind zur Zeit 15 Teilnehmerinnen. Von Kopf bis Fuß wird alles mit und ohne Geräte mobilisiert, gekräftigt und gedehnt. Auch auf Stundenwünsche wird eingegangen und in die Gymnastikstunden aufgenommen.</p>



<p>Natürlich darf das gemütliche Zusammensein nicht zu kurz kommen Leider fiel das jährliche Minigolf in Horgen aus, da die Lokalität trotz Anmeldung an diesem Tage nicht geöffnet hatte.</p>



<p>Gerne sind wir für unsere Feiern sowie Weihnachtsfeier im Fritz und Fridda, wo wir in sehr guten Händen sind und gut versorgt werden. Dies kommt meinen Frauen zugute, da man im Ort bleiben kann und nicht auf das Auto angewiesen ist. Ein herzliches Dankeschön an den Verein und die Abteilungsleiterin Beate, die uns Fortbildungen und auch Wünsche zum Kauf von zusätzlichen Sportgeräten ermöglicht.</p>



<p>Liebe Grüße</p>



<p>Inga</p>
</div>



<div class="wp-block-column is-layout-flow wp-block-column-is-layout-flow">
<figure class="wp-block-image size-full"><img loading="lazy" decoding="async" width="2000" height="1126" src="https://sportverein-hausen.de/wp-content/uploads/2025/09/PHOTO-2025-07-24-08-03-0076.jpg.jpeg" alt="" class="wp-image-2661" srcset="https://sportverein-hausen.de/wp-content/uploads/2025/09/PHOTO-2025-07-24-08-03-0076.jpg.jpeg 2000w, https://sportverein-hausen.de/wp-content/uploads/2025/09/PHOTO-2025-07-24-08-03-0076.jpg-800x450.jpeg 800w, https://sportverein-hausen.de/wp-content/uploads/2025/09/PHOTO-2025-07-24-08-03-0076.jpg-1280x721.jpeg 1280w, https://sportverein-hausen.de/wp-content/uploads/2025/09/PHOTO-2025-07-24-08-03-0076.jpg-400x225.jpeg 400w, https://sportverein-hausen.de/wp-content/uploads/2025/09/PHOTO-2025-07-24-08-03-0076.jpg-768x432.jpeg 768w, https://sportverein-hausen.de/wp-content/uploads/2025/09/PHOTO-2025-07-24-08-03-0076.jpg-1536x865.jpeg 1536w" sizes="auto, (max-width: 2000px) 100vw, 2000px" /></figure>
</div>
</div>



<div class="wp-block-columns has-neve-link-hover-color-background-color has-background is-layout-flex wp-container-core-columns-is-layout-9d6595d7 wp-block-columns-is-layout-flex">
<div class="wp-block-column is-layout-flow wp-block-column-is-layout-flow">
<figure class="wp-block-image size-large"><img decoding="async" src="/wp-content/uploads/2023/03/sports-svgrepo-com.svg" alt=""/></figure>



<h3 class="wp-block-heading">Gruppe</h3>



<p>Seniorinnen</p>
</div>



<div class="wp-block-column is-layout-flow wp-block-column-is-layout-flow">
<figure class="wp-block-image size-large"><img decoding="async" src="/wp-content/uploads/2023/03/sports-svgrepo-com1.svg" alt=""/></figure>



<h3 class="wp-block-heading">Termin</h3>



<p>Montag 15:30 Uhr &#8211; 16:30 Uhr<br>Gymnastikhalle Hausen</p>
</div>



<div class="wp-block-column is-layout-flow wp-block-column-is-layout-flow">
<figure class="wp-block-image size-large"><img decoding="async" src="/wp-content/uploads/2023/03/sports-ball-svgrepo-com.svg" alt=""/></figure>



<h3 class="wp-block-heading">Übungsleiterin</h3>



<p>Inga Stölzl</p>



<div class="wp-block-buttons is-layout-flex wp-block-buttons-is-layout-flex">
<div class="wp-block-button is-style-primary"><a class="wp-block-button__link wp-element-button" href="/index.php/kontakt/#Beate" style="border-radius:15px">Kontakt</a></div>
</div>
</div>
</div>



<div class="wp-block-buttons is-content-justification-center is-layout-flex wp-container-core-buttons-is-layout-16018d1d wp-block-buttons-is-layout-flex">
<div class="wp-block-button has-custom-width wp-block-button__width-75 is-style-default"><a class="wp-block-button__link wp-element-button" href="/index.php/sportangebot/#seniorengymnastik-frauen" style="border-radius:100px">&lt;&lt; zurück zur Übersicht</a></div>
</div>



<p></p>

<p>Bei der Frauenseniorengruppe, die am Montag stattfindet, sind zur Zeit 15 Teilnehmerinnen. Von Kopf bis Fuß wird alles mit und ohne Geräte mobilisiert, gekräftigt und gedehnt. Auch auf Stundenwünsche wird eingegangen und in die Gymnastikstunden aufgenommen. Natürlich darf das gemütliche Zusammensein nicht zu kurz kommen Leider fiel das jährliche Minigolf in Horgen aus, da die&hellip;&nbsp;<a href="https://sportverein-hausen.de/index.php/seniorengymnastik-frauen/" class="" rel="bookmark">Weiterlesen &raquo;<span class="screen-reader-text">Seniorengymnastik Frauen</span></a></p>
