{"id":325,"date":"2023-03-29T13:12:24","date_gmt":"2023-03-29T13:12:24","guid":{"rendered":"http:\/\/localhost\/wordpress\/?page_id=325"},"modified":"2024-10-07T12:46:53","modified_gmt":"2024-10-07T12:46:53","slug":"handball-schiedsrichter","status":"publish","type":"page","link":"https:\/\/sportverein-hausen.de\/index.php\/handball-schiedsrichter\/","title":{"rendered":"Handball-Schiedsrichter"},"content":{"rendered":"\n<h2 class=\"wp-block-heading\">Ohne Euch geht nichts<\/h2>\n\n\n\n<div class=\"wp-block-columns is-layout-flex wp-container-core-columns-is-layout-9d6595d7 wp-block-columns-is-layout-flex\">\n<div class=\"wp-block-column is-layout-flow wp-block-column-is-layout-flow\">\n<figure class=\"wp-block-image size-full\"><img loading=\"lazy\" decoding=\"async\" width=\"1077\" height=\"645\" src=\"https:\/\/sportverein-hausen.de\/wp-content\/uploads\/2024\/10\/Bildschirmfoto-2024-10-07-um-14.28.03.png\" alt=\"\" class=\"wp-image-1950\" srcset=\"https:\/\/sportverein-hausen.de\/wp-content\/uploads\/2024\/10\/Bildschirmfoto-2024-10-07-um-14.28.03.png 1077w, https:\/\/sportverein-hausen.de\/wp-content\/uploads\/2024\/10\/Bildschirmfoto-2024-10-07-um-14.28.03-800x479.png 800w, https:\/\/sportverein-hausen.de\/wp-content\/uploads\/2024\/10\/Bildschirmfoto-2024-10-07-um-14.28.03-400x240.png 400w, https:\/\/sportverein-hausen.de\/wp-content\/uploads\/2024\/10\/Bildschirmfoto-2024-10-07-um-14.28.03-768x460.png 768w\" sizes=\"auto, (max-width: 1077px) 100vw, 1077px\" \/><\/figure>\n\n\n\n<p>Von links nach rechts:\u00a0<br>Hintere Reihe: <br>G\u00fcnter Katzmeier, David Eglof, Verena Kopf, Hagen Tullius, Fabian Bertsche, Michael Hirsch (Sebastian Hirsch)<br>Vordere Reihe:<br> Jarla Thom, Isabel Becker, Tuana \u00dcnal, Levin Thom, Moritz Bantle, Sabine Fischinger, Simone Grzanowski<\/p>\n\n\n\n<p>Es fehlen: Michael Lander, Danijel Talevic, Felix M\u00fcller<\/p>\n<\/div>\n<\/div>\n\n\n\n<div class=\"wp-block-columns is-layout-flex wp-container-core-columns-is-layout-9d6595d7 wp-block-columns-is-layout-flex\">\n<div class=\"wp-block-column is-layout-flow wp-block-column-is-layout-flow\">\n<p>Liebe Schiedsrichterinnen und Schiedsrichter,<br>vielen Dank f\u00fcr euer Engagement und die <strong>Zeit<\/strong>, die ihr jedes Wochenende investiert! Ihr <strong>repr\u00e4sentiert<\/strong> unseren Verein in den Hallen und sorgt f\u00fcr <strong>faire<\/strong> Spiele. <strong>Ohne<\/strong> euch w\u00e4re ein Spielbetrieb gar nicht m\u00f6glich!<br><\/p>\n<\/div>\n\n\n\n<div class=\"wp-block-column is-layout-flow wp-block-column-is-layout-flow\">\n<p>Wir w\u00fcnschen weiterhin guten <strong>Pfiff<\/strong>!<br>Wer Interesse am Schiedsrichterwesen hat, darf sich gerne beim Vorstand und Ausschuss des SV Hausen oder der HSG Rottweil melden.<\/p>\n<\/div>\n<\/div>\n\n\n\n<div class=\"wp-block-columns has-neve-link-hover-color-background-color has-background is-layout-flex wp-container-core-columns-is-layout-9d6595d7 wp-block-columns-is-layout-flex\">\n<div class=\"wp-block-column is-layout-flow wp-block-column-is-layout-flow\">\n<figure class=\"wp-block-image size-large\"><img decoding=\"async\" src=\"\/wp-content\/uploads\/2023\/03\/sports-svgrepo-com.svg\" alt=\"\"\/><\/figure>\n\n\n\n<h3 class=\"wp-block-heading\">Gruppe<\/h3>\n\n\n\n<p>M\u00e4nner \/ Frauen<\/p>\n<\/div>\n\n\n\n<div class=\"wp-block-column is-layout-flow wp-block-column-is-layout-flow\">\n<figure class=\"wp-block-image size-large\"><img decoding=\"async\" src=\"\/wp-content\/uploads\/2023\/03\/sports-svgrepo-com1.svg\" alt=\"\"\/><\/figure>\n\n\n\n<h3 class=\"wp-block-heading\">Termin<\/h3>\n\n\n\n<p>Individuell<\/p>\n<\/div>\n\n\n\n<div class=\"wp-block-column is-layout-flow wp-block-column-is-layout-flow\">\n<figure class=\"wp-block-image size-large\"><img decoding=\"async\" src=\"\/wp-content\/uploads\/2023\/03\/sports-ball-svgrepo-com.svg\" alt=\"\"\/><\/figure>\n\n\n\n<h3 class=\"wp-block-heading\">Kontakt<\/h3>\n\n\n\n<p>Vorstand SV-Hausen<\/p>\n\n\n\n<div class=\"wp-block-buttons is-layout-flex wp-block-buttons-is-layout-flex\">\n<div class=\"wp-block-button is-style-primary\"><a class=\"wp-block-button__link wp-element-button\" href=\"\/index.php\/kontakt\/#Philip\" style=\"border-radius:15px\">Kontakt<\/a><\/div>\n<\/div>\n<\/div>\n<\/div>\n\n\n\n<div class=\"wp-block-buttons is-content-justification-center is-layout-flex wp-container-core-buttons-is-layout-16018d1d wp-block-buttons-is-layout-flex\">\n<div class=\"wp-block-button has-custom-width wp-block-button__width-75 is-style-default\"><a class=\"wp-block-button__link wp-element-button\" href=\"\/index.php\/sportangebot\/#HandballSchiedsrichter\" style=\"border-radius:100px\">&lt;&lt; zur\u00fcck zur \u00dcbersicht<\/a><\/div>\n<\/div>\n\n\n\n<p><\/p>\n","protected":false},"excerpt":{"rendered":"<p>Ohne Euch geht nichts Von links nach rechts:\u00a0Hintere Reihe: G\u00fcnter Katzmeier, David Eglof, Verena Kopf, Hagen Tullius, Fabian Bertsche, Michael Hirsch (Sebastian Hirsch)Vordere Reihe: Jarla Thom, Isabel Becker, Tuana \u00dcnal, Levin Thom, Moritz Bantle, Sabine Fischinger, Simone Grzanowski Es fehlen: Michael Lander, Danijel Talevic, Felix M\u00fcller Liebe Schiedsrichterinnen und Schiedsrichter,vielen Dank f\u00fcr euer Engagement und&hellip;&nbsp;<a href=\"https:\/\/sportverein-hausen.de\/index.php\/handball-schiedsrichter\/\" class=\"\" rel=\"bookmark\">Weiterlesen &raquo;<span class=\"screen-reader-text\">Handball-Schiedsrichter<\/span><\/a><\/p>\n","protected":false},"author":1,"featured_media":729,"parent":0,"menu_order":0,"comment_status":"closed","ping_status":"closed","template":"","meta":{"neve_meta_sidebar":"","neve_meta_container":"","neve_meta_enable_content_width":"","neve_meta_content_width":0,"neve_meta_title_alignment":"","neve_meta_author_avatar":"","neve_post_elements_order":"","neve_meta_disable_header":"","neve_meta_disable_footer":"","neve_meta_disable_title":"","pgc_sgb_lightbox_settings":"","footnotes":""},"class_list":["post-325","page","type-page","status-publish","has-post-thumbnail","hentry"],"_links":{"self":[{"href":"https:\/\/sportverein-hausen.de\/index.php\/wp-json\/wp\/v2\/pages\/325","targetHints":{"allow":["GET"]}}],"collection":[{"href":"https:\/\/sportverein-hausen.de\/index.php\/wp-json\/wp\/v2\/pages"}],"about":[{"href":"https:\/\/sportverein-hausen.de\/index.php\/wp-json\/wp\/v2\/types\/page"}],"author":[{"embeddable":true,"href":"https:\/\/sportverein-hausen.de\/index.php\/wp-json\/wp\/v2\/users\/1"}],"replies":[{"embeddable":true,"href":"https:\/\/sportverein-hausen.de\/index.php\/wp-json\/wp\/v2\/comments?post=325"}],"version-history":[{"count":7,"href":"https:\/\/sportverein-hausen.de\/index.php\/wp-json\/wp\/v2\/pages\/325\/revisions"}],"predecessor-version":[{"id":1951,"href":"https:\/\/sportverein-hausen.de\/index.php\/wp-json\/wp\/v2\/pages\/325\/revisions\/1951"}],"wp:featuredmedia":[{"embeddable":true,"href":"https:\/\/sportverein-hausen.de\/index.php\/wp-json\/wp\/v2\/media\/729"}],"wp:attachment":[{"href":"https:\/\/sportverein-hausen.de\/index.php\/wp-json\/wp\/v2\/media?parent=325"}],"curies":[{"name":"wp","href":"https:\/\/api.w.org\/{rel}","templated":true}]}}