{"id":845,"date":"2023-04-17T14:37:12","date_gmt":"2023-04-17T14:37:12","guid":{"rendered":"http:\/\/localhost\/wordpress\/?page_id=845"},"modified":"2023-04-19T14:18:13","modified_gmt":"2023-04-19T14:18:13","slug":"news","status":"publish","type":"page","link":"https:\/\/sportverein-hausen.de\/index.php\/news\/","title":{"rendered":"News"},"content":{"rendered":"\n<h2 class=\"wp-block-heading\">Interessante Neuigkeiten rund um den Verein<\/h2>\n\n\n<ul style=\"font-size:17px;\" class=\"wp-block-latest-posts__list wp-block-latest-posts\"><li><div class=\"wp-block-latest-posts__featured-image alignleft\"><a href=\"https:\/\/sportverein-hausen.de\/index.php\/2025\/09\/15\/kursprogramm-2025-2026-ist-online\/\" aria-label=\"Kursprogramm 2025\/2026 ist Online\"><img loading=\"lazy\" decoding=\"async\" width=\"520\" height=\"312\" src=\"https:\/\/sportverein-hausen.de\/wp-content\/uploads\/2025\/09\/Bildschirmfoto_21-5-2025_171034_.jpeg\" class=\"attachment-large size-large wp-post-image\" alt=\"\" style=\"\" srcset=\"https:\/\/sportverein-hausen.de\/wp-content\/uploads\/2025\/09\/Bildschirmfoto_21-5-2025_171034_.jpeg 520w, https:\/\/sportverein-hausen.de\/wp-content\/uploads\/2025\/09\/Bildschirmfoto_21-5-2025_171034_-400x240.jpeg 400w\" sizes=\"auto, (max-width: 520px) 100vw, 520px\" \/><\/a><\/div><a class=\"wp-block-latest-posts__post-title\" href=\"https:\/\/sportverein-hausen.de\/index.php\/2025\/09\/15\/kursprogramm-2025-2026-ist-online\/\">Kursprogramm 2025\/2026 ist Online<\/a><div class=\"wp-block-latest-posts__post-excerpt\">Juhu! Der Sport geht wieder los!Hier sind die neuen Kurse im Schuljahr 25\/26 Interessierte k\u00f6nnen gerne zu den Trainingszeiten dazu kommen oder sich \u00fcber die Homepage&nbsp;n\u00e4her informieren.Na, Interesse geweckt? Dann nichts wie rein in die Turnschuhe&hellip;&nbsp;<a href=\"https:\/\/sportverein-hausen.de\/index.php\/2025\/09\/15\/kursprogramm-2025-2026-ist-online\/\" class=\"\" rel=\"bookmark\">Weiterlesen &raquo;<span class=\"screen-reader-text\">Kursprogramm 2025\/2026 ist Online<\/span><\/a><\/div><\/li>\n<li><div class=\"wp-block-latest-posts__featured-image alignleft\"><a href=\"https:\/\/sportverein-hausen.de\/index.php\/2025\/05\/19\/sporttag-2025\/\" aria-label=\"Sporttag 2025\"><img loading=\"lazy\" decoding=\"async\" width=\"1200\" height=\"800\" src=\"https:\/\/sportverein-hausen.de\/wp-content\/uploads\/2025\/05\/IMG_3911-1280x853.jpg\" class=\"attachment-large size-large wp-post-image\" alt=\"\" style=\"\" srcset=\"https:\/\/sportverein-hausen.de\/wp-content\/uploads\/2025\/05\/IMG_3911-1280x853.jpg 1280w, https:\/\/sportverein-hausen.de\/wp-content\/uploads\/2025\/05\/IMG_3911-800x533.jpg 800w, https:\/\/sportverein-hausen.de\/wp-content\/uploads\/2025\/05\/IMG_3911-400x267.jpg 400w, https:\/\/sportverein-hausen.de\/wp-content\/uploads\/2025\/05\/IMG_3911-768x512.jpg 768w, https:\/\/sportverein-hausen.de\/wp-content\/uploads\/2025\/05\/IMG_3911-1536x1024.jpg 1536w, https:\/\/sportverein-hausen.de\/wp-content\/uploads\/2025\/05\/IMG_3911-2048x1365.jpg 2048w, https:\/\/sportverein-hausen.de\/wp-content\/uploads\/2025\/05\/IMG_3911-930x620.jpg 930w\" sizes=\"auto, (max-width: 1200px) 100vw, 1200px\" \/><\/a><\/div><a class=\"wp-block-latest-posts__post-title\" href=\"https:\/\/sportverein-hausen.de\/index.php\/2025\/05\/19\/sporttag-2025\/\">Sporttag 2025<\/a><div class=\"wp-block-latest-posts__post-excerpt\">2. Hausener &#8211; Triathlon Sporttag und Party in Hausen: Ein Tag voller Spa\u00df, Sport und Gemeinschaft Am Samstag, den 17. Mai 2025, verwandelte sich Hausen in ein wahres Fest der Freude und des Miteinanders. Bei strahlendem&hellip;&nbsp;<a href=\"https:\/\/sportverein-hausen.de\/index.php\/2025\/05\/19\/sporttag-2025\/\" class=\"\" rel=\"bookmark\">Weiterlesen &raquo;<span class=\"screen-reader-text\">Sporttag 2025<\/span><\/a><\/div><\/li>\n<li><div class=\"wp-block-latest-posts__featured-image alignleft\"><a href=\"https:\/\/sportverein-hausen.de\/index.php\/2025\/05\/05\/generalversammlung-2025\/\" aria-label=\"Generalversammlung-2025\"><img loading=\"lazy\" decoding=\"async\" width=\"1200\" height=\"800\" src=\"https:\/\/sportverein-hausen.de\/wp-content\/uploads\/2025\/05\/IMG_3665-1280x853.jpg\" class=\"attachment-large size-large wp-post-image\" alt=\"\" style=\"\" srcset=\"https:\/\/sportverein-hausen.de\/wp-content\/uploads\/2025\/05\/IMG_3665-1280x853.jpg 1280w, https:\/\/sportverein-hausen.de\/wp-content\/uploads\/2025\/05\/IMG_3665-800x533.jpg 800w, https:\/\/sportverein-hausen.de\/wp-content\/uploads\/2025\/05\/IMG_3665-400x267.jpg 400w, https:\/\/sportverein-hausen.de\/wp-content\/uploads\/2025\/05\/IMG_3665-768x512.jpg 768w, https:\/\/sportverein-hausen.de\/wp-content\/uploads\/2025\/05\/IMG_3665-1536x1024.jpg 1536w, https:\/\/sportverein-hausen.de\/wp-content\/uploads\/2025\/05\/IMG_3665-2048x1365.jpg 2048w, https:\/\/sportverein-hausen.de\/wp-content\/uploads\/2025\/05\/IMG_3665-930x620.jpg 930w\" sizes=\"auto, (max-width: 1200px) 100vw, 1200px\" \/><\/a><\/div><a class=\"wp-block-latest-posts__post-title\" href=\"https:\/\/sportverein-hausen.de\/index.php\/2025\/05\/05\/generalversammlung-2025\/\">Generalversammlung-2025<\/a><div class=\"wp-block-latest-posts__post-excerpt\">Generalversammlung inklusive Wei\u00dfwurstfr\u00fchst\u00fcck Am 04. Mai lud der Sportverein Hausen\u00a0um 10:45 Uhr\u00a0zu seiner Generalversammlung im Fritz &amp; Fridda ein. Dieses Mal in neuem Format, inklusive Wei\u00dfwurstfr\u00fchst\u00fcck und toller Bewirtung durch das Team um Dominik Jauch. Der&hellip;&nbsp;<a href=\"https:\/\/sportverein-hausen.de\/index.php\/2025\/05\/05\/generalversammlung-2025\/\" class=\"\" rel=\"bookmark\">Weiterlesen &raquo;<span class=\"screen-reader-text\">Generalversammlung-2025<\/span><\/a><\/div><\/li>\n<li><a class=\"wp-block-latest-posts__post-title\" href=\"https:\/\/sportverein-hausen.de\/index.php\/2024\/09\/08\/kursprogramm-2024-2025-ist-online\/\">Kursprogramm 2024\/2025 ist Online<\/a><div class=\"wp-block-latest-posts__post-excerpt\">Juhu! Der Sport geht wieder los!Hier sind die neuen Kurse im Schuljahr 24\/25 Interessierte k\u00f6nnen gerne zu den Trainingszeiten dazu kommen oder sich \u00fcber die Homepage&nbsp;n\u00e4her informieren.Na, Interesse geweckt? Dann nichts wie rein in die Turnschuhe&hellip;&nbsp;<a href=\"https:\/\/sportverein-hausen.de\/index.php\/2024\/09\/08\/kursprogramm-2024-2025-ist-online\/\" class=\"\" rel=\"bookmark\">Weiterlesen &raquo;<span class=\"screen-reader-text\">Kursprogramm 2024\/2025 ist Online<\/span><\/a><\/div><\/li>\n<li><div class=\"wp-block-latest-posts__featured-image alignleft\"><a href=\"https:\/\/sportverein-hausen.de\/index.php\/2024\/05\/13\/dorfputzete-2024\/\" aria-label=\"Dorfputzete 2024\"><img loading=\"lazy\" decoding=\"async\" width=\"1200\" height=\"1800\" src=\"https:\/\/sportverein-hausen.de\/wp-content\/uploads\/2024\/05\/WhatsApp-Image-2024-05-11-at-17.16.21-2.jpeg\" class=\"attachment-large size-large wp-post-image\" alt=\"\" style=\"\" srcset=\"https:\/\/sportverein-hausen.de\/wp-content\/uploads\/2024\/05\/WhatsApp-Image-2024-05-11-at-17.16.21-2.jpeg 1280w, https:\/\/sportverein-hausen.de\/wp-content\/uploads\/2024\/05\/WhatsApp-Image-2024-05-11-at-17.16.21-2-800x1200.jpeg 800w, https:\/\/sportverein-hausen.de\/wp-content\/uploads\/2024\/05\/WhatsApp-Image-2024-05-11-at-17.16.21-2-400x600.jpeg 400w, https:\/\/sportverein-hausen.de\/wp-content\/uploads\/2024\/05\/WhatsApp-Image-2024-05-11-at-17.16.21-2-768x1152.jpeg 768w, https:\/\/sportverein-hausen.de\/wp-content\/uploads\/2024\/05\/WhatsApp-Image-2024-05-11-at-17.16.21-2-1024x1536.jpeg 1024w\" sizes=\"auto, (max-width: 1200px) 100vw, 1200px\" \/><\/a><\/div><a class=\"wp-block-latest-posts__post-title\" href=\"https:\/\/sportverein-hausen.de\/index.php\/2024\/05\/13\/dorfputzete-2024\/\">Dorfputzete 2024<\/a><div class=\"wp-block-latest-posts__post-excerpt\">Saubere Sache Ein Tag nach dem Sommerfest fand au\u00dferdem eine vom Sportverein organisierte Dorfputzete statt. Bei sonnigem Wetter machten sich \u00fcber 20 Hausener auf, das Dorf sowie die Umgebung von M\u00fcll zu befreien. Nach getaner Arbeit&hellip;&nbsp;<a href=\"https:\/\/sportverein-hausen.de\/index.php\/2024\/05\/13\/dorfputzete-2024\/\" class=\"\" rel=\"bookmark\">Weiterlesen &raquo;<span class=\"screen-reader-text\">Dorfputzete 2024<\/span><\/a><\/div><\/li>\n<li><div class=\"wp-block-latest-posts__featured-image alignleft\"><a href=\"https:\/\/sportverein-hausen.de\/index.php\/2024\/05\/11\/sommerfest-2024\/\" aria-label=\"Sommerfest 2024\"><img loading=\"lazy\" decoding=\"async\" width=\"1200\" height=\"800\" src=\"https:\/\/sportverein-hausen.de\/wp-content\/uploads\/2024\/05\/PHOTO-2024-05-10-09-41-33-1280x853.jpg\" class=\"attachment-large size-large wp-post-image\" alt=\"\" style=\"\" srcset=\"https:\/\/sportverein-hausen.de\/wp-content\/uploads\/2024\/05\/PHOTO-2024-05-10-09-41-33-1280x853.jpg 1280w, https:\/\/sportverein-hausen.de\/wp-content\/uploads\/2024\/05\/PHOTO-2024-05-10-09-41-33-800x533.jpg 800w, https:\/\/sportverein-hausen.de\/wp-content\/uploads\/2024\/05\/PHOTO-2024-05-10-09-41-33-400x267.jpg 400w, https:\/\/sportverein-hausen.de\/wp-content\/uploads\/2024\/05\/PHOTO-2024-05-10-09-41-33-768x512.jpg 768w, https:\/\/sportverein-hausen.de\/wp-content\/uploads\/2024\/05\/PHOTO-2024-05-10-09-41-33-1536x1024.jpg 1536w, https:\/\/sportverein-hausen.de\/wp-content\/uploads\/2024\/05\/PHOTO-2024-05-10-09-41-33-930x620.jpg 930w, https:\/\/sportverein-hausen.de\/wp-content\/uploads\/2024\/05\/PHOTO-2024-05-10-09-41-33.jpg 1920w\" sizes=\"auto, (max-width: 1200px) 100vw, 1200px\" \/><\/a><\/div><a class=\"wp-block-latest-posts__post-title\" href=\"https:\/\/sportverein-hausen.de\/index.php\/2024\/05\/11\/sommerfest-2024\/\">Sommerfest 2024<\/a><div class=\"wp-block-latest-posts__post-excerpt\">Wie jedes Jahr lud der Sportverein Hausen am Vatertag bei traumhaftem Wetter zum traditionellen Sommerfest an der Gymnastikhalle in Hausen ein. F\u00fcr abwechslungsreiches Essen und Trinken war gesorgt und musikalisch wurde das Sommerfest au\u00dferdem vom Musikverein&hellip;&nbsp;<a href=\"https:\/\/sportverein-hausen.de\/index.php\/2024\/05\/11\/sommerfest-2024\/\" class=\"\" rel=\"bookmark\">Weiterlesen &raquo;<span class=\"screen-reader-text\">Sommerfest 2024<\/span><\/a><\/div><\/li>\n<li><div class=\"wp-block-latest-posts__featured-image alignleft\"><a href=\"https:\/\/sportverein-hausen.de\/index.php\/2024\/01\/04\/darts-und-tischtennisturnier-2023\/\" aria-label=\"Darts &#8211; und Tischtennisturnier 2023\"><img loading=\"lazy\" decoding=\"async\" width=\"1200\" height=\"800\" src=\"https:\/\/sportverein-hausen.de\/wp-content\/uploads\/2023\/12\/20231229171643_IMG_7313-1280x853.jpg\" class=\"attachment-large size-large wp-post-image\" alt=\"\" style=\"\" srcset=\"https:\/\/sportverein-hausen.de\/wp-content\/uploads\/2023\/12\/20231229171643_IMG_7313-1280x853.jpg 1280w, https:\/\/sportverein-hausen.de\/wp-content\/uploads\/2023\/12\/20231229171643_IMG_7313-800x533.jpg 800w, https:\/\/sportverein-hausen.de\/wp-content\/uploads\/2023\/12\/20231229171643_IMG_7313-400x267.jpg 400w, https:\/\/sportverein-hausen.de\/wp-content\/uploads\/2023\/12\/20231229171643_IMG_7313-768x512.jpg 768w, https:\/\/sportverein-hausen.de\/wp-content\/uploads\/2023\/12\/20231229171643_IMG_7313-1536x1024.jpg 1536w, https:\/\/sportverein-hausen.de\/wp-content\/uploads\/2023\/12\/20231229171643_IMG_7313-930x620.jpg 930w, https:\/\/sportverein-hausen.de\/wp-content\/uploads\/2023\/12\/20231229171643_IMG_7313.jpg 1920w\" sizes=\"auto, (max-width: 1200px) 100vw, 1200px\" \/><\/a><\/div><a class=\"wp-block-latest-posts__post-title\" href=\"https:\/\/sportverein-hausen.de\/index.php\/2024\/01\/04\/darts-und-tischtennisturnier-2023\/\">Darts &#8211; und Tischtennisturnier 2023<\/a><div class=\"wp-block-latest-posts__post-excerpt\">Pr\u00e4zision mit Pfeil und Ball Wie letztes Jahr veranstaltete der Sportverein Hausen zwischen den Jahren ein Darts- sowie ein Tischtennis Turnier f\u00fcr Alt und Jung. Am 28.12. trafen sich 32 motivierte Teilnehmer in der Hausener Sporthalle,&hellip;&nbsp;<a href=\"https:\/\/sportverein-hausen.de\/index.php\/2024\/01\/04\/darts-und-tischtennisturnier-2023\/\" class=\"\" rel=\"bookmark\">Weiterlesen &raquo;<span class=\"screen-reader-text\">Darts &#8211; und Tischtennisturnier 2023<\/span><\/a><\/div><\/li>\n<li><div class=\"wp-block-latest-posts__featured-image alignleft\"><a href=\"https:\/\/sportverein-hausen.de\/index.php\/2023\/09\/05\/das-neue-kursprogramm-23-24-ist-online\/\" aria-label=\"Das neue Kursprogramm 23\/24 ist OnLine\"><img loading=\"lazy\" decoding=\"async\" width=\"1200\" height=\"800\" src=\"https:\/\/sportverein-hausen.de\/wp-content\/uploads\/2023\/09\/DSC_0614-1280x853.jpg\" class=\"attachment-large size-large wp-post-image\" alt=\"\" style=\"\" srcset=\"https:\/\/sportverein-hausen.de\/wp-content\/uploads\/2023\/09\/DSC_0614-1280x853.jpg 1280w, https:\/\/sportverein-hausen.de\/wp-content\/uploads\/2023\/09\/DSC_0614-800x533.jpg 800w, https:\/\/sportverein-hausen.de\/wp-content\/uploads\/2023\/09\/DSC_0614-400x267.jpg 400w, https:\/\/sportverein-hausen.de\/wp-content\/uploads\/2023\/09\/DSC_0614-768x512.jpg 768w, https:\/\/sportverein-hausen.de\/wp-content\/uploads\/2023\/09\/DSC_0614-1536x1024.jpg 1536w, https:\/\/sportverein-hausen.de\/wp-content\/uploads\/2023\/09\/DSC_0614-2048x1365.jpg 2048w, https:\/\/sportverein-hausen.de\/wp-content\/uploads\/2023\/09\/DSC_0614-930x620.jpg 930w\" sizes=\"auto, (max-width: 1200px) 100vw, 1200px\" \/><\/a><\/div><a class=\"wp-block-latest-posts__post-title\" href=\"https:\/\/sportverein-hausen.de\/index.php\/2023\/09\/05\/das-neue-kursprogramm-23-24-ist-online\/\">Das neue Kursprogramm 23\/24 ist OnLine<\/a><div class=\"wp-block-latest-posts__post-excerpt\">Juhu! Der Sport geht wieder los!Hier sind die neuen Kurse im Schuljahr 23\/24 Interessierte k\u00f6nnen gerne zu den Trainingszeiten dazu kommen oder sich \u00fcber die Homepage&nbsp;n\u00e4her informieren.Na, Interesse geweckt? Dann nichts wie rein in die Turnschuhe&hellip;&nbsp;<a href=\"https:\/\/sportverein-hausen.de\/index.php\/2023\/09\/05\/das-neue-kursprogramm-23-24-ist-online\/\" class=\"\" rel=\"bookmark\">Weiterlesen &raquo;<span class=\"screen-reader-text\">Das neue Kursprogramm 23\/24 ist OnLine<\/span><\/a><\/div><\/li>\n<li><div class=\"wp-block-latest-posts__featured-image alignleft\"><a href=\"https:\/\/sportverein-hausen.de\/index.php\/2023\/07\/11\/handballfest-2023\/\" aria-label=\"Handballfest 2023\"><img loading=\"lazy\" decoding=\"async\" width=\"1200\" height=\"675\" src=\"https:\/\/sportverein-hausen.de\/wp-content\/uploads\/2023\/04\/1280-handball-1.png\" class=\"attachment-large size-large wp-post-image\" alt=\"\" style=\"\" srcset=\"https:\/\/sportverein-hausen.de\/wp-content\/uploads\/2023\/04\/1280-handball-1.png 1280w, https:\/\/sportverein-hausen.de\/wp-content\/uploads\/2023\/04\/1280-handball-1-800x450.png 800w, https:\/\/sportverein-hausen.de\/wp-content\/uploads\/2023\/04\/1280-handball-1-400x225.png 400w, https:\/\/sportverein-hausen.de\/wp-content\/uploads\/2023\/04\/1280-handball-1-768x432.png 768w\" sizes=\"auto, (max-width: 1200px) 100vw, 1200px\" \/><\/a><\/div><a class=\"wp-block-latest-posts__post-title\" href=\"https:\/\/sportverein-hausen.de\/index.php\/2023\/07\/11\/handballfest-2023\/\">Handballfest 2023<\/a><div class=\"wp-block-latest-posts__post-excerpt\">Teamgeist und Fairness sind oberstes Gebot Hausen, 10.07.2023 Spa\u00df, Spiel und Action beim Handball- Minispielfest an der Maximilian-Kolbe-Schule in Hausen Rottweil-Hausen Nach l\u00e4ngerer Pause fand am vergangenen Donnerstag bei bestem Wetter wieder ein Minispielfest an der&hellip;&nbsp;<a href=\"https:\/\/sportverein-hausen.de\/index.php\/2023\/07\/11\/handballfest-2023\/\" class=\"\" rel=\"bookmark\">Weiterlesen &raquo;<span class=\"screen-reader-text\">Handballfest 2023<\/span><\/a><\/div><\/li>\n<li><div class=\"wp-block-latest-posts__featured-image alignleft\"><a href=\"https:\/\/sportverein-hausen.de\/index.php\/2023\/06\/02\/dorfmeisterschaft-und-generalversammlung\/\" aria-label=\"Generalversammlung 6.7.2023\"><img loading=\"lazy\" decoding=\"async\" width=\"1200\" height=\"675\" src=\"https:\/\/sportverein-hausen.de\/wp-content\/uploads\/2023\/05\/IMG_2330-1280x720.jpg\" class=\"attachment-large size-large wp-post-image\" alt=\"\" style=\"\" srcset=\"https:\/\/sportverein-hausen.de\/wp-content\/uploads\/2023\/05\/IMG_2330-1280x720.jpg 1280w, https:\/\/sportverein-hausen.de\/wp-content\/uploads\/2023\/05\/IMG_2330-800x450.jpg 800w, https:\/\/sportverein-hausen.de\/wp-content\/uploads\/2023\/05\/IMG_2330-400x225.jpg 400w, https:\/\/sportverein-hausen.de\/wp-content\/uploads\/2023\/05\/IMG_2330-768x432.jpg 768w, https:\/\/sportverein-hausen.de\/wp-content\/uploads\/2023\/05\/IMG_2330-1536x864.jpg 1536w, https:\/\/sportverein-hausen.de\/wp-content\/uploads\/2023\/05\/IMG_2330-2048x1152.jpg 2048w\" sizes=\"auto, (max-width: 1200px) 100vw, 1200px\" \/><\/a><\/div><a class=\"wp-block-latest-posts__post-title\" href=\"https:\/\/sportverein-hausen.de\/index.php\/2023\/06\/02\/dorfmeisterschaft-und-generalversammlung\/\">Generalversammlung 6.7.2023<\/a><div class=\"wp-block-latest-posts__post-excerpt\">Einladung zur Generalversammlung Am Donnerstag, den 06. Juli 2023 findet um 19.30 Uhr im Gasthaus Adler in Hausen die Generalversammlung des SV Hausen e.V. statt. Tagesordnung: 1) Begr\u00fc\u00dfung und Er\u00f6ffnung durch den 1. Vorsitzenden 2) Totenehrung3)&hellip;&nbsp;<a href=\"https:\/\/sportverein-hausen.de\/index.php\/2023\/06\/02\/dorfmeisterschaft-und-generalversammlung\/\" class=\"\" rel=\"bookmark\">Weiterlesen &raquo;<span class=\"screen-reader-text\">Generalversammlung 6.7.2023<\/span><\/a><\/div><\/li>\n<li><div class=\"wp-block-latest-posts__featured-image alignleft\"><a href=\"https:\/\/sportverein-hausen.de\/index.php\/2023\/05\/31\/bilder-der-100-jahrfeier\/\" aria-label=\"Bilder der 100 Jahrfeier\"><img loading=\"lazy\" decoding=\"async\" width=\"1200\" height=\"675\" src=\"https:\/\/sportverein-hausen.de\/wp-content\/uploads\/2023\/05\/IMG_8459-1280x720.jpg\" class=\"attachment-large size-large wp-post-image\" alt=\"\" style=\"\" srcset=\"https:\/\/sportverein-hausen.de\/wp-content\/uploads\/2023\/05\/IMG_8459-1280x720.jpg 1280w, https:\/\/sportverein-hausen.de\/wp-content\/uploads\/2023\/05\/IMG_8459-800x450.jpg 800w, https:\/\/sportverein-hausen.de\/wp-content\/uploads\/2023\/05\/IMG_8459-400x225.jpg 400w, https:\/\/sportverein-hausen.de\/wp-content\/uploads\/2023\/05\/IMG_8459-768x432.jpg 768w, https:\/\/sportverein-hausen.de\/wp-content\/uploads\/2023\/05\/IMG_8459-1536x864.jpg 1536w, https:\/\/sportverein-hausen.de\/wp-content\/uploads\/2023\/05\/IMG_8459-2048x1152.jpg 2048w\" sizes=\"auto, (max-width: 1200px) 100vw, 1200px\" \/><\/a><\/div><a class=\"wp-block-latest-posts__post-title\" href=\"https:\/\/sportverein-hausen.de\/index.php\/2023\/05\/31\/bilder-der-100-jahrfeier\/\">Bilder der 100 Jahrfeier<\/a><div class=\"wp-block-latest-posts__post-excerpt\">Hier gibt es einige Impressionen der wirklich legend\u00e4ren Feier.Vielen Dank an alle Helfer aus den Hausener Vereinen f\u00fcr die Unterst\u00fctzung. Hier gibt es Bilder der Veranstaltung.<\/div><\/li>\n<\/ul>","protected":false},"excerpt":{"rendered":"<p>Interessante Neuigkeiten rund um den Verein<\/p>\n","protected":false},"author":1,"featured_media":733,"parent":0,"menu_order":0,"comment_status":"closed","ping_status":"closed","template":"","meta":{"neve_meta_sidebar":"","neve_meta_container":"","neve_meta_enable_content_width":"","neve_meta_content_width":0,"neve_meta_title_alignment":"","neve_meta_author_avatar":"","neve_post_elements_order":"","neve_meta_disable_header":"","neve_meta_disable_footer":"","neve_meta_disable_title":"","pgc_sgb_lightbox_settings":"","footnotes":""},"class_list":["post-845","page","type-page","status-publish","has-post-thumbnail","hentry"],"_links":{"self":[{"href":"https:\/\/sportverein-hausen.de\/index.php\/wp-json\/wp\/v2\/pages\/845","targetHints":{"allow":["GET"]}}],"collection":[{"href":"https:\/\/sportverein-hausen.de\/index.php\/wp-json\/wp\/v2\/pages"}],"about":[{"href":"https:\/\/sportverein-hausen.de\/index.php\/wp-json\/wp\/v2\/types\/page"}],"author":[{"embeddable":true,"href":"https:\/\/sportverein-hausen.de\/index.php\/wp-json\/wp\/v2\/users\/1"}],"replies":[{"embeddable":true,"href":"https:\/\/sportverein-hausen.de\/index.php\/wp-json\/wp\/v2\/comments?post=845"}],"version-history":[{"count":8,"href":"https:\/\/sportverein-hausen.de\/index.php\/wp-json\/wp\/v2\/pages\/845\/revisions"}],"predecessor-version":[{"id":1691,"href":"https:\/\/sportverein-hausen.de\/index.php\/wp-json\/wp\/v2\/pages\/845\/revisions\/1691"}],"wp:featuredmedia":[{"embeddable":true,"href":"https:\/\/sportverein-hausen.de\/index.php\/wp-json\/wp\/v2\/media\/733"}],"wp:attachment":[{"href":"https:\/\/sportverein-hausen.de\/index.php\/wp-json\/wp\/v2\/media?parent=845"}],"curies":[{"name":"wp","href":"https:\/\/api.w.org\/{rel}","templated":true}]}}